CRAN Package Check Results for Package canvasXpress

Last updated on 2021-04-21 03:48:53 CEST.

Flavor Version Tinstall Tcheck Ttotal Status Flags
r-devel-linux-x86_64-debian-clang 1.32.9 3.46 35.81 39.27 OK
r-devel-linux-x86_64-debian-gcc 1.32.9 2.66 28.60 31.26 OK
r-devel-linux-x86_64-fedora-clang 1.32.9 56.32 OK
r-devel-linux-x86_64-fedora-gcc 1.32.9 46.08 OK
r-devel-windows-ix86+x86_64 1.32.9 5.00 44.00 49.00 OK
r-devel-windows-x86_64-gcc10-UCRT 1.32.9 OK
r-patched-linux-x86_64 1.32.9 3.07 35.84 38.91 OK
r-patched-solaris-x86 1.32.9 68.50 NOTE
r-release-linux-x86_64 1.32.9 3.30 35.92 39.22 OK
r-release-macos-x86_64 1.32.9 OK
r-release-windows-ix86+x86_64 1.32.9 6.00 58.00 64.00 OK
r-oldrel-macos-x86_64 1.32.9 OK
r-oldrel-windows-ix86+x86_64 1.32.9 12.00 52.00 64.00 OK

Check Details

Version: 1.32.9
Check: installed package size
Result: NOTE
     installed size is 5.3Mb
     sub-directories of 1Mb or more:
     doc 1.0Mb
     htmlwidgets 3.5Mb
Flavor: r-patched-solaris-x86