Last updated on 2021-02-25 02:48:32 CET.
Flavor | Version | Tinstall | Tcheck | Ttotal | Status | Flags |
---|---|---|---|---|---|---|
r-devel-linux-x86_64-debian-clang | 1.0.4 | 8.62 | 84.57 | 93.19 | OK | |
r-devel-linux-x86_64-debian-gcc | 1.0.4 | 7.80 | 63.81 | 71.61 | OK | |
r-devel-linux-x86_64-fedora-clang | 1.0.4 | 117.54 | NOTE | |||
r-devel-linux-x86_64-fedora-gcc | 1.0.4 | 104.39 | NOTE | |||
r-devel-windows-ix86+x86_64 | 1.0.4 | 16.00 | 91.00 | 107.00 | OK | |
r-patched-linux-x86_64 | 1.0.4 | 9.35 | 79.18 | 88.53 | OK | |
r-patched-solaris-x86 | 1.0.4 | 159.80 | NOTE | |||
r-release-linux-x86_64 | 1.0.4 | 9.60 | 77.42 | 87.02 | OK | |
r-release-macos-x86_64 | 1.0.4 | NOTE | ||||
r-release-windows-ix86+x86_64 | 1.0.4 | 23.00 | 127.00 | 150.00 | OK | |
r-oldrel-macos-x86_64 | 1.0.4 | NOTE | ||||
r-oldrel-windows-ix86+x86_64 | 1.0.4 | 12.00 | 91.00 | 103.00 | OK |
Version: 1.0.4
Check: dependencies in R code
Result: NOTE
Namespace in Imports field not imported from: ‘here’
All declared Imports should be used.
Flavors: r-devel-linux-x86_64-fedora-clang, r-devel-linux-x86_64-fedora-gcc, r-patched-solaris-x86, r-release-macos-x86_64, r-oldrel-macos-x86_64