Last updated on 2023-06-03 15:55:20 CEST.
Flavor | Version | Tinstall | Tcheck | Ttotal | Status | Flags |
---|---|---|---|---|---|---|
r-devel-linux-x86_64-debian-clang | 1.0.4 | 14.80 | 339.99 | 354.79 | OK | |
r-devel-linux-x86_64-debian-gcc | 1.0.4 | 12.88 | 256.92 | 269.80 | OK | |
r-devel-linux-x86_64-fedora-clang | 1.0.4 | 454.01 | OK | |||
r-devel-linux-x86_64-fedora-gcc | 1.0.4 | 465.00 | OK | |||
r-devel-windows-x86_64 | 1.0.4 | 18.00 | 389.00 | 407.00 | OK | |
r-patched-linux-x86_64 | 1.0.4 | OK | ||||
r-release-linux-x86_64 | 1.0.4 | 9.81 | 329.38 | 339.19 | OK | |
r-release-macos-arm64 | 1.0.4 | 130.00 | OK | |||
r-release-macos-x86_64 | 1.0.4 | 234.00 | NOTE | |||
r-release-windows-x86_64 | 1.0.4 | 20.00 | 509.00 | 529.00 | OK | |
r-oldrel-macos-arm64 | 1.0.4 | 118.00 | OK | |||
r-oldrel-macos-x86_64 | 1.0.4 | 162.00 | OK | |||
r-oldrel-windows-x86_64 | 1.0.4 | 20.00 | 457.00 | 477.00 | OK |
Version: 1.0.4
Check: package dependencies
Result: NOTE
Package suggested but not available for checking: ‘btergm’
Flavor: r-release-macos-x86_64
Version: 1.0.4
Check: Rd cross-references
Result: NOTE
Unknown package ‘btergm’ in Rd xrefs
Flavor: r-release-macos-x86_64