Last updated on 2023-06-06 04:00:35 CEST.
Flavor | Version | Tinstall | Tcheck | Ttotal | Status | Flags |
---|---|---|---|---|---|---|
r-devel-linux-x86_64-debian-clang | 1.5.1 | 15.44 | 178.14 | 193.58 | OK | |
r-devel-linux-x86_64-debian-gcc | 1.5.1 | 14.45 | 131.10 | 145.55 | OK | |
r-devel-linux-x86_64-fedora-clang | 1.5.3 | 270.72 | NOTE | |||
r-devel-linux-x86_64-fedora-gcc | 1.5.3 | 253.13 | OK | |||
r-devel-windows-x86_64 | 1.5.1 | 19.00 | 140.00 | 159.00 | OK | |
r-patched-linux-x86_64 | 1.5.1 | 15.87 | 162.65 | 178.52 | OK | |
r-release-linux-x86_64 | 1.5.1 | 16.71 | 162.21 | 178.92 | OK | |
r-release-macos-arm64 | 1.5.3 | 43.00 | OK | |||
r-release-macos-x86_64 | 1.5 | 84.00 | OK | |||
r-release-windows-x86_64 | 1.5.3 | 18.00 | 165.00 | 183.00 | OK | |
r-oldrel-macos-arm64 | 1.5.3 | 50.00 | OK | |||
r-oldrel-macos-x86_64 | 1.5.1 | 86.00 | OK | |||
r-oldrel-windows-x86_64 | 1.5.1 | 22.00 | 173.00 | 195.00 | OK |
Version: 1.5.3
Check: Rd cross-references
Result: NOTE
Undeclared package ‘psych’ in Rd xrefs
Flavor: r-devel-linux-x86_64-fedora-clang