CRAN Package Check Results for Package bnpa

Last updated on 2023-05-30 16:00:26 CEST.

Flavor Version Tinstall Tcheck Ttotal Status Flags
r-devel-linux-x86_64-debian-clang 0.3.0 3.26 43.18 46.44 OK
r-devel-linux-x86_64-debian-gcc 0.3.0 2.43 32.52 34.95 OK
r-devel-linux-x86_64-fedora-clang 0.3.0 57.03 NOTE
r-devel-linux-x86_64-fedora-gcc 0.3.0 55.10 NOTE
r-devel-windows-x86_64 0.3.0 5.00 59.00 64.00 OK
r-patched-linux-x86_64 0.3.0 3.27 40.05 43.32 OK
r-release-linux-x86_64 0.3.0 3.69 40.07 43.76 OK
r-release-macos-arm64 0.3.0 22.00 OK
r-release-macos-x86_64 0.3.0 28.00 OK
r-release-windows-x86_64 0.3.0 6.00 62.00 68.00 OK
r-oldrel-macos-arm64 0.3.0 22.00 NOTE
r-oldrel-macos-x86_64 0.3.0 36.00 NOTE
r-oldrel-windows-x86_64 0.3.0 7.00 65.00 72.00 OK

Check Details

Version: 0.3.0
Check: dependencies in R code
Result: NOTE
    Namespaces in Imports field not imported from:
     ‘Rgraphviz’ ‘fastDummies’
     All declared Imports should be used.
Flavors: r-devel-linux-x86_64-fedora-clang, r-devel-linux-x86_64-fedora-gcc, r-oldrel-macos-arm64, r-oldrel-macos-x86_64