CRAN Package Check Results for Package blackbox

Last updated on 2020-12-02 02:51:49 CET.

Flavor Version Tinstall Tcheck Ttotal Status Flags
r-devel-linux-x86_64-debian-clang 1.1.32 92.00 113.23 205.23 OK
r-devel-linux-x86_64-debian-gcc 1.1.32 50.38 85.94 136.32 OK
r-devel-linux-x86_64-fedora-clang 1.1.32 247.06 NOTE
r-devel-linux-x86_64-fedora-gcc 1.1.32 227.90 OK
r-devel-windows-ix86+x86_64 1.1.32 148.00 171.00 319.00 OK
r-patched-linux-x86_64 1.1.32 59.21 105.66 164.87 OK
r-patched-solaris-x86 1.1.32 241.00 OK
r-release-linux-x86_64 1.1.32 62.11 106.64 168.75 OK
r-release-macos-x86_64 1.1.32 NOTE
r-release-windows-ix86+x86_64 1.1.32 148.00 122.00 270.00 OK
r-oldrel-macos-x86_64 1.1.32 NOTE
r-oldrel-windows-ix86+x86_64 1.1.32 114.00 166.00 280.00 OK

Check Details

Version: 1.1.32
Check: installed package size
Result: NOTE
     installed size is 7.1Mb
     sub-directories of 1Mb or more:
     libs 6.5Mb
Flavors: r-devel-linux-x86_64-fedora-clang, r-release-macos-x86_64, r-oldrel-macos-x86_64