Last updated on 2025-01-26 02:49:13 CET.
Flavor | Version | Tinstall | Tcheck | Ttotal | Status | Flags |
---|---|---|---|---|---|---|
r-devel-linux-x86_64-debian-clang | 1.8.5 | 4.51 | 41.06 | 45.57 | NOTE | |
r-devel-linux-x86_64-debian-gcc | 1.8.5 | 2.85 | 30.67 | 33.52 | NOTE | |
r-devel-linux-x86_64-fedora-clang | 1.8.5 | 73.64 | NOTE | |||
r-devel-linux-x86_64-fedora-gcc | 1.8.5 | 68.74 | NOTE | |||
r-devel-windows-x86_64 | 1.8.5 | 6.00 | 63.00 | 69.00 | NOTE | |
r-patched-linux-x86_64 | 1.8.5 | 4.08 | 38.76 | 42.84 | NOTE | |
r-release-linux-x86_64 | 1.8.5 | 4.01 | 39.03 | 43.04 | NOTE | |
r-release-macos-arm64 | 1.8.5 | 24.00 | NOTE | |||
r-release-macos-x86_64 | 1.8.5 | 36.00 | NOTE | |||
r-release-windows-x86_64 | 1.8.5 | 6.00 | 62.00 | 68.00 | NOTE | |
r-oldrel-macos-arm64 | 1.8.5 | 23.00 | NOTE | |||
r-oldrel-macos-x86_64 | 1.8.5 | 36.00 | NOTE | |||
r-oldrel-windows-x86_64 | 1.8.5 | 7.00 | 69.00 | 76.00 | NOTE |
Version: 1.8.5
Check: Rd files
Result: NOTE
checkRd: (-1) bgmm-package.Rd:23: Escaped LaTeX specials: \&
Flavors: r-devel-linux-x86_64-debian-clang, r-devel-linux-x86_64-debian-gcc, r-devel-linux-x86_64-fedora-clang, r-devel-linux-x86_64-fedora-gcc, r-devel-windows-x86_64, r-patched-linux-x86_64, r-release-linux-x86_64, r-release-macos-arm64, r-release-macos-x86_64, r-release-windows-x86_64, r-oldrel-macos-arm64, r-oldrel-macos-x86_64, r-oldrel-windows-x86_64