Last updated on 2021-04-21 03:48:52 CEST.
Flavor | Version | Tinstall | Tcheck | Ttotal | Status | Flags |
---|---|---|---|---|---|---|
r-devel-linux-x86_64-debian-clang | 0.1.1 | 6.38 | 41.48 | 47.86 | OK | |
r-devel-linux-x86_64-debian-gcc | 0.1.1 | 6.24 | 31.63 | 37.87 | OK | |
r-devel-linux-x86_64-fedora-clang | 0.1.1 | 70.30 | OK | |||
r-devel-linux-x86_64-fedora-gcc | 0.1.1 | 57.06 | OK | |||
r-devel-windows-ix86+x86_64 | 0.1.1 | 13.00 | 47.00 | 60.00 | OK | |
r-devel-windows-x86_64-gcc10-UCRT | 0.1.1 | OK | ||||
r-patched-linux-x86_64 | 0.1.1 | 7.75 | 38.75 | 46.50 | OK | |
r-patched-solaris-x86 | 0.1.1 | 88.00 | OK | |||
r-release-linux-x86_64 | 0.1.1 | 6.49 | 38.69 | 45.18 | OK | |
r-release-macos-x86_64 | 0.1.1 | OK | ||||
r-release-windows-ix86+x86_64 | 0.1.1 | 14.00 | 53.00 | 67.00 | OK | |
r-oldrel-macos-x86_64 | 0.1.1 | ERROR |
Version: 0.1.1
Check: whether package can be installed
Result: ERROR
Installation failed.
Flavor: r-oldrel-macos-x86_64