Last updated on 2023-12-04 14:53:29 CET.
Flavor | Version | Tinstall | Tcheck | Ttotal | Status | Flags |
---|---|---|---|---|---|---|
r-devel-linux-x86_64-debian-clang | 1.3.2 | 21.52 | 76.97 | 98.49 | NOTE | |
r-devel-linux-x86_64-debian-gcc | 1.3.2 | 13.77 | 57.16 | 70.93 | NOTE | |
r-devel-linux-x86_64-fedora-clang | 1.3.2 | 141.53 | OK | |||
r-devel-linux-x86_64-fedora-gcc | 1.3.2 | 138.82 | OK | |||
r-devel-windows-x86_64 | 1.3.2 | 19.00 | 113.00 | 132.00 | OK | |
r-patched-linux-x86_64 | 1.3.2 | 17.11 | 78.80 | 95.91 | OK | |
r-release-linux-x86_64 | 1.3.2 | 16.60 | 77.97 | 94.57 | OK | |
r-release-macos-arm64 | 1.3.2 | 45.00 | OK | |||
r-release-macos-x86_64 | 1.3.2 | 76.00 | OK | |||
r-release-windows-x86_64 | 1.3.2 | 23.00 | 127.00 | 150.00 | OK | |
r-oldrel-macos-arm64 | 1.3.2 | 45.00 | OK | |||
r-oldrel-macos-x86_64 | 1.3.2 | 72.00 | OK | |||
r-oldrel-windows-x86_64 | 1.3.2 | 21.00 | 127.00 | 148.00 | OK |
Version: 1.3.2
Check: Rd files
Result: NOTE
checkRd: (-1) WindowSweep.Rd:32: Lost braces
32 | `code{\link{GetVT}}`. Otherwise, any column (e.g. \code{"Depth"}) in the
| ^
checkRd: (-1) WindowSweep.Rd:36: Lost braces
36 | \code{T.mid} from the output of the `code{\link{GetVT}}`.}
| ^
Flavors: r-devel-linux-x86_64-debian-clang, r-devel-linux-x86_64-debian-gcc