Last updated on 2023-03-31 15:54:31 CEST.
Flavor | Version | Tinstall | Tcheck | Ttotal | Status | Flags |
---|---|---|---|---|---|---|
r-devel-linux-x86_64-debian-clang | 1.1-9 | 81.10 | 420.05 | 501.15 | OK | |
r-devel-linux-x86_64-debian-gcc | 1.1-9 | 67.58 | 312.22 | 379.80 | OK | |
r-devel-linux-x86_64-fedora-clang | 1.1-9 | 622.04 | NOTE | |||
r-devel-linux-x86_64-fedora-gcc | 1.1-9 | 642.05 | OK | |||
r-devel-windows-x86_64 | 1.1-9 | 146.00 | 393.00 | 539.00 | NOTE | |
r-patched-linux-x86_64 | 1.1-9 | 89.74 | 409.76 | 499.50 | OK | |
r-release-linux-x86_64 | 1.1-9 | 72.51 | 394.67 | 467.18 | OK | |
r-release-macos-arm64 | 1.1-9 | 129.00 | NOTE | |||
r-release-macos-x86_64 | 1.1-9 | 170.00 | NOTE | |||
r-release-windows-x86_64 | 1.1-9 | 154.00 | 434.00 | 588.00 | NOTE | |
r-oldrel-macos-arm64 | 1.1-9 | 130.00 | NOTE | |||
r-oldrel-macos-x86_64 | 1.1-9 | 170.00 | NOTE | |||
r-oldrel-windows-ix86+x86_64 | 1.1-9 | 131.00 | 481.00 | 612.00 | NOTE |
Version: 1.1-9
Check: installed package size
Result: NOTE
installed size is 6.1Mb
sub-directories of 1Mb or more:
R 2.5Mb
data 1.3Mb
doc 1.8Mb
Flavors: r-devel-linux-x86_64-fedora-clang, r-devel-windows-x86_64, r-release-macos-arm64, r-release-macos-x86_64, r-release-windows-x86_64, r-oldrel-macos-arm64, r-oldrel-macos-x86_64, r-oldrel-windows-ix86+x86_64
Version: 1.1-9
Check: Rd cross-references
Result: NOTE
Undeclared package ‘akima’ in Rd xrefs
Flavor: r-devel-linux-x86_64-fedora-clang