Last updated on 2023-06-06 04:00:35 CEST.
Flavor | Version | Tinstall | Tcheck | Ttotal | Status | Flags |
---|---|---|---|---|---|---|
r-devel-linux-x86_64-debian-clang | 0.1.1 | 55.85 | 306.35 | 362.20 | NOTE | |
r-devel-linux-x86_64-debian-gcc | 0.1.1 | 43.87 | 226.01 | 269.88 | NOTE | |
r-devel-linux-x86_64-fedora-clang | 0.1.1 | 471.76 | NOTE | |||
r-devel-linux-x86_64-fedora-gcc | 0.1.1 | 454.39 | NOTE | |||
r-devel-windows-x86_64 | 0.1.1 | 57.00 | 280.00 | 337.00 | NOTE | |
r-patched-linux-x86_64 | 0.1.1 | 46.85 | 288.81 | 335.66 | NOTE | |
r-release-linux-x86_64 | 0.1.1 | 46.21 | 289.45 | 335.66 | NOTE | |
r-release-macos-arm64 | 0.1.1 | 148.00 | NOTE | |||
r-release-macos-x86_64 | 0.1.0 | 229.00 | NOTE | |||
r-release-windows-x86_64 | 0.1.1 | 67.00 | 349.00 | 416.00 | NOTE | |
r-oldrel-macos-arm64 | 0.1.1 | 101.00 | NOTE | |||
r-oldrel-macos-x86_64 | 0.1.1 | 168.00 | NOTE | |||
r-oldrel-windows-x86_64 | 0.1.1 | 57.00 | 336.00 | 393.00 | NOTE |
Version: 0.1.1
Check: package dependencies
Result: NOTE
Package suggested but not available for checking: ‘lixoftConnectors’
Flavors: r-devel-linux-x86_64-debian-clang, r-devel-linux-x86_64-debian-gcc, r-devel-linux-x86_64-fedora-clang, r-devel-linux-x86_64-fedora-gcc, r-devel-windows-x86_64, r-patched-linux-x86_64, r-release-linux-x86_64, r-release-macos-arm64, r-release-windows-x86_64, r-oldrel-macos-arm64, r-oldrel-macos-x86_64, r-oldrel-windows-x86_64
Version: 0.1.0
Check: package dependencies
Result: NOTE
Package suggested but not available for checking: ‘lixoftConnectors’
Flavor: r-release-macos-x86_64
Version: 0.1.0
Check: C++ specification
Result: NOTE
Specified C++14: please drop specification unless essential
Flavor: r-release-macos-x86_64