CRAN Package Check Results for Package aspect

Last updated on 2020-09-22 03:49:14 CEST.

Flavor Version Tinstall Tcheck Ttotal Status Flags
r-devel-linux-x86_64-debian-clang 1.0-5 3.43 25.49 28.92 OK
r-devel-linux-x86_64-debian-gcc 1.0-5 0.31 2.05 2.36 ERROR
r-devel-linux-x86_64-fedora-clang 1.0-5 43.86 OK
r-devel-linux-x86_64-fedora-gcc 1.0-5 34.18 OK
r-devel-windows-ix86+x86_64 1.0-5 6.00 35.00 41.00 OK
r-patched-linux-x86_64 1.0-5 3.13 25.08 28.21 OK
r-patched-solaris-x86 1.0-5 49.90 OK
r-release-linux-x86_64 1.0-5 2.97 25.27 28.24 OK
r-release-macos-x86_64 1.0-5 OK
r-release-windows-ix86+x86_64 1.0-5 5.00 31.00 36.00 OK
r-oldrel-macos-x86_64 1.0-5 OK
r-oldrel-windows-ix86+x86_64 1.0-5 4.00 42.00 46.00 OK

Check Details

Version: 1.0-5
Check: whether package can be installed
Result: ERROR
    Installation failed.
Flavor: r-devel-linux-x86_64-debian-gcc