CRAN Package Check Results for Package analysisPipelines

Last updated on 2020-12-02 02:51:47 CET.

Flavor Version Tinstall Tcheck Ttotal Status Flags
r-devel-linux-x86_64-debian-clang 1.0.2 13.19 87.50 100.69 NOTE
r-devel-linux-x86_64-debian-gcc 1.0.2 9.77 67.91 77.68 NOTE
r-devel-linux-x86_64-fedora-clang 1.0.2 124.30 NOTE
r-devel-linux-x86_64-fedora-gcc 1.0.2 123.84 NOTE
r-devel-windows-ix86+x86_64 1.0.2 21.00 118.00 139.00 OK
r-patched-linux-x86_64 1.0.2 9.69 84.37 94.06 NOTE
r-patched-solaris-x86 1.0.2 151.50 NOTE
r-release-linux-x86_64 1.0.2 9.69 83.20 92.89 NOTE
r-release-macos-x86_64 1.0.2 OK
r-release-windows-ix86+x86_64 1.0.2 16.00 93.00 109.00 OK
r-oldrel-macos-x86_64 1.0.2 OK
r-oldrel-windows-ix86+x86_64 1.0.2 15.00 115.00 130.00 OK

Check Details

Version: 1.0.2
Check: package dependencies
Result: NOTE
    Package which this enhances but not available for checking: 'SparkR'
Flavors: r-devel-linux-x86_64-debian-clang, r-devel-linux-x86_64-debian-gcc, r-devel-linux-x86_64-fedora-clang, r-devel-linux-x86_64-fedora-gcc, r-patched-linux-x86_64, r-patched-solaris-x86, r-release-linux-x86_64