Last updated on 2023-04-01 03:53:04 CEST.
Flavor | Version | Tinstall | Tcheck | Ttotal | Status | Flags |
---|---|---|---|---|---|---|
r-devel-linux-x86_64-debian-clang | 0.2.2 | 8.78 | 124.09 | 132.87 | NOTE | |
r-devel-linux-x86_64-debian-gcc | 0.2.2 | 6.82 | 91.17 | 97.99 | NOTE | |
r-devel-linux-x86_64-fedora-clang | 0.2.2 | 160.90 | NOTE | |||
r-devel-linux-x86_64-fedora-gcc | 0.2.2 | 163.82 | NOTE | |||
r-devel-windows-x86_64 | 0.2.2 | 76.00 | 167.00 | 243.00 | NOTE | |
r-patched-linux-x86_64 | 0.2.2 | 7.30 | 114.52 | 121.82 | NOTE | |
r-release-linux-x86_64 | 0.2.2 | 5.80 | 116.59 | 122.39 | OK | |
r-release-macos-arm64 | 0.2.2 | 53.00 | NOTE | |||
r-release-macos-x86_64 | 0.2.2 | 86.00 | NOTE | |||
r-release-windows-x86_64 | 0.2.2 | 30.00 | 164.00 | 194.00 | OK | |
r-oldrel-macos-arm64 | 0.2.2 | 67.00 | NOTE | |||
r-oldrel-macos-x86_64 | 0.2.2 | 65.00 | NOTE | |||
r-oldrel-windows-ix86+x86_64 | 0.2.2 | 21.00 | 145.00 | 166.00 | OK |
Version: 0.2.2
Check: package subdirectories
Result: NOTE
Problems with news in ‘NEWS.md’:
No news entries found.
Flavors: r-devel-linux-x86_64-debian-clang, r-devel-linux-x86_64-debian-gcc, r-devel-linux-x86_64-fedora-clang, r-devel-linux-x86_64-fedora-gcc, r-devel-windows-x86_64, r-patched-linux-x86_64
Version: 0.2.2
Check: dependencies in R code
Result: NOTE
Namespace in Imports field not imported from: ‘rmarkdown’
All declared Imports should be used.
Flavors: r-devel-linux-x86_64-fedora-clang, r-devel-linux-x86_64-fedora-gcc, r-release-macos-arm64, r-release-macos-x86_64, r-oldrel-macos-arm64, r-oldrel-macos-x86_64