Last updated on 2023-09-22 04:01:05 CEST.
Flavor | Version | Tinstall | Tcheck | Ttotal | Status | Flags |
---|---|---|---|---|---|---|
r-devel-linux-x86_64-debian-clang | 1.0-18 | 35.83 | 391.39 | 427.22 | OK | |
r-devel-linux-x86_64-debian-gcc | 1.0-18 | 29.05 | 287.99 | 317.04 | OK | |
r-devel-linux-x86_64-fedora-clang | 1.0-18 | 524.77 | OK | |||
r-devel-linux-x86_64-fedora-gcc | 1.0-18 | 537.86 | OK | |||
r-devel-windows-x86_64 | 1.0-18 | 29.00 | 307.00 | 336.00 | OK | |
r-patched-linux-x86_64 | 1.0-18 | 40.70 | 371.87 | 412.57 | OK | |
r-release-linux-x86_64 | 1.0-18 | 32.91 | 375.02 | 407.93 | OK | |
r-release-macos-arm64 | 1.0-18 | 143.00 | NOTE | |||
r-release-macos-x86_64 | 1.0-18 | 248.00 | NOTE | |||
r-release-windows-x86_64 | 1.0-18 | 40.00 | 436.00 | 476.00 | OK | |
r-oldrel-macos-arm64 | 1.0-18 | 137.00 | NOTE | |||
r-oldrel-macos-x86_64 | 1.0-18 | 181.00 | OK | |||
r-oldrel-windows-x86_64 | 1.0-18 | 40.00 | 386.00 | 426.00 | OK |
Version: 1.0-18
Check: installed package size
Result: NOTE
installed size is 5.5Mb
sub-directories of 1Mb or more:
R 2.1Mb
doc 2.9Mb
Flavors: r-release-macos-arm64, r-release-macos-x86_64, r-oldrel-macos-arm64