CRAN Package Check Results for Package ada

Last updated on 2023-12-04 14:53:28 CET.

Flavor Version Tinstall Tcheck Ttotal Status Flags
r-devel-linux-x86_64-debian-clang 2.0-5 2.87 29.38 32.25 NOTE
r-devel-linux-x86_64-debian-gcc 2.0-5 2.40 23.09 25.49 NOTE
r-devel-linux-x86_64-fedora-clang 2.0-5 41.50 NOTE
r-devel-linux-x86_64-fedora-gcc 2.0-5 39.23 NOTE
r-devel-windows-x86_64 2.0-5 4.00 50.00 54.00 NOTE
r-patched-linux-x86_64 2.0-5 3.13 29.16 32.29 NOTE
r-release-linux-x86_64 2.0-5 2.90 29.22 32.12 NOTE
r-release-macos-arm64 2.0-5 20.00 NOTE
r-release-macos-x86_64 2.0-5 25.00 NOTE
r-release-windows-x86_64 2.0-5 5.00 51.00 56.00 NOTE
r-oldrel-macos-arm64 2.0-5 20.00 OK
r-oldrel-macos-x86_64 2.0-5 25.00 OK
r-oldrel-windows-x86_64 2.0-5 6.00 61.00 67.00 OK

Check Details

Version: 2.0-5
Check: Rd files
Result: NOTE checkRd: (-1) ada.Rd:171: Escaped LaTeX specials: \& Flavors: r-devel-linux-x86_64-debian-clang, r-devel-linux-x86_64-debian-gcc, r-devel-linux-x86_64-fedora-clang, r-devel-linux-x86_64-fedora-gcc, r-devel-windows-x86_64, r-patched-linux-x86_64, r-release-linux-x86_64, r-release-macos-arm64, r-release-macos-x86_64, r-release-windows-x86_64