CRAN Package Check Results for Package aMNLFA

Last updated on 2020-10-25 02:48:03 CET.

Flavor Version Tinstall Tcheck Ttotal Status Flags
r-devel-linux-x86_64-debian-clang 0.1 5.06 49.19 54.25 OK
r-devel-linux-x86_64-debian-gcc 0.1 4.25 36.61 40.86 OK
r-devel-linux-x86_64-fedora-clang 0.1 72.14 NOTE
r-devel-linux-x86_64-fedora-gcc 0.1 60.85 NOTE
r-devel-windows-ix86+x86_64 0.1 12.00 68.00 80.00 OK
r-patched-linux-x86_64 0.1 5.16 46.21 51.37 OK
r-patched-solaris-x86 0.1 82.00 NOTE
r-release-linux-x86_64 0.1 5.42 45.35 50.77 OK
r-release-macos-x86_64 0.1 NOTE
r-release-windows-ix86+x86_64 0.1 9.00 50.00 59.00 OK
r-oldrel-macos-x86_64 0.1 NOTE
r-oldrel-windows-ix86+x86_64 0.1 9.00 74.00 83.00 OK

Check Details

Version: 0.1
Check: dependencies in R code
Result: NOTE
    Namespaces in Imports field not imported from:
     ‘devtools’ ‘gridExtra’
     All declared Imports should be used.
Flavors: r-devel-linux-x86_64-fedora-clang, r-devel-linux-x86_64-fedora-gcc, r-patched-solaris-x86, r-release-macos-x86_64, r-oldrel-macos-x86_64