CRAN Package Check Results for Package WaverideR

Last updated on 2024-07-19 03:57:35 CEST.

Flavor Version Tinstall Tcheck Ttotal Status Flags
r-devel-linux-x86_64-debian-clang 0.3.2 33.79 222.26 256.05 NOTE
r-devel-linux-x86_64-debian-gcc 0.3.2 27.29 157.47 184.76 NOTE
r-devel-linux-x86_64-fedora-clang 0.3.2 324.63 NOTE
r-devel-linux-x86_64-fedora-gcc 0.3.2 298.97 NOTE
r-devel-windows-x86_64 0.3.2 26.00 172.00 198.00 NOTE
r-patched-linux-x86_64 0.3.2 31.91 211.07 242.98 NOTE
r-release-linux-x86_64 0.3.2 23.54 206.27 229.81 NOTE
r-release-macos-arm64 0.3.2 94.00 NOTE
r-release-macos-x86_64 0.3.2 155.00 NOTE
r-release-windows-x86_64 0.3.2 26.00 171.00 197.00 NOTE
r-oldrel-macos-arm64 0.3.2 120.00 OK
r-oldrel-macos-x86_64 0.3.2 416.00 OK
r-oldrel-windows-x86_64 0.3.2 32.00 219.00 251.00 OK

Check Details

Version: 0.3.2
Check: Rd files
Result: NOTE checkRd: (-1) anchor_points_grey.Rd:9: Lost braces 9 | Zeeden et al., (2013) and anchored to the code{\link{astrosignal_example}} \cr | ^ checkRd: (-1) retrack_wt_MC.Rd:206: Lost braces 206 | be off in certain intervals. the link[WaverideR]{retrack_wt_MC} mitigates | ^ checkRd: (-1) retrack_wt_MC.Rd:40: Lost braces 40 | link[WaverideR]{analyze_wavelet} wavelet function | ^ checkRd: (-1) retrack_wt_MC.Rd:41: Lost braces 41 | To create a list use the link[base]{list} function} | ^ checkRd: (-1) retrack_wt_MC.Rd:44: Lost braces 44 | To create the matrix use the link[base]{cbind} function and only add the | ^ Flavors: r-devel-linux-x86_64-debian-clang, r-devel-linux-x86_64-debian-gcc, r-devel-linux-x86_64-fedora-clang, r-devel-linux-x86_64-fedora-gcc, r-devel-windows-x86_64, r-patched-linux-x86_64, r-release-linux-x86_64, r-release-macos-arm64, r-release-macos-x86_64, r-release-windows-x86_64

Version: 0.3.2
Check: Rd cross-references
Result: NOTE Undeclared package ‘StratigrapheR’ in Rd xrefs Flavor: r-devel-linux-x86_64-fedora-clang

Version: 0.3.2
Check: Rd cross-references
Result: NOTE Found the following Rd file(s) with Rd \link{} targets missing package anchors: loess_auto.Rd: loess.as Please provide package anchors for all Rd \link{} targets not in the package itself and the base packages. Flavor: r-devel-windows-x86_64