CRAN Package Check Results for Package TreeBUGS

Last updated on 2020-09-22 03:49:44 CEST.

Flavor Version Tinstall Tcheck Ttotal Status Flags
r-devel-linux-x86_64-debian-clang 1.4.5 55.54 69.51 125.05 OK
r-devel-linux-x86_64-debian-gcc 1.4.5 0.45 2.96 3.41 ERROR
r-devel-linux-x86_64-fedora-clang 1.4.5 169.44 OK
r-devel-linux-x86_64-fedora-gcc 1.4.5 159.82 OK
r-devel-windows-ix86+x86_64 1.4.5 117.00 107.00 224.00 OK
r-patched-linux-x86_64 1.4.5 40.77 68.97 109.74 OK
r-patched-solaris-x86 1.4.5 176.70 OK
r-release-linux-x86_64 1.4.5 45.31 69.19 114.50 OK
r-release-macos-x86_64 1.4.5 OK
r-release-windows-ix86+x86_64 1.4.5 120.00 131.00 251.00 OK
r-oldrel-macos-x86_64 1.4.5 OK
r-oldrel-windows-ix86+x86_64 1.4.5 77.00 115.00 192.00 OK

Check Details

Version: 1.4.5
Check: whether package can be installed
Result: ERROR
    Installation failed.
Flavor: r-devel-linux-x86_64-debian-gcc