CRAN Package Check Results for Package SpatialGraph

Last updated on 2024-06-23 03:55:21 CEST.

Flavor Version Tinstall Tcheck Ttotal Status Flags
r-devel-linux-x86_64-debian-clang 1.0-4 6.60 64.80 71.40 NOTE
r-devel-linux-x86_64-debian-gcc 1.0-4 5.99 49.27 55.26 NOTE
r-devel-linux-x86_64-fedora-clang 1.0-4 90.46 NOTE
r-devel-linux-x86_64-fedora-gcc 1.0-4 86.33 NOTE
r-devel-windows-x86_64 1.0-4 8.00 66.00 74.00 NOTE
r-patched-linux-x86_64 1.0-4 9.17 62.06 71.23 NOTE
r-release-linux-x86_64 1.0-4 7.93 61.93 69.86 NOTE
r-release-macos-arm64 1.0-4 28.00 NOTE
r-release-macos-x86_64 1.0-4 41.00 NOTE
r-release-windows-x86_64 1.0-4 8.00 65.00 73.00 NOTE
r-oldrel-macos-arm64 1.0-4 34.00 OK
r-oldrel-macos-x86_64 1.0-4 75.00 OK
r-oldrel-windows-x86_64 1.0-4 9.00 76.00 85.00 OK

Check Details

Version: 1.0-4
Check: Rd files
Result: NOTE checkRd: (-1) distSG.Rd:40: Lost braces; missing escapes or markup? 40 | matrix and weight matrix (plus a matrix with {eID} identifiers | ^ Flavors: r-devel-linux-x86_64-debian-clang, r-devel-linux-x86_64-debian-gcc, r-devel-linux-x86_64-fedora-clang, r-devel-linux-x86_64-fedora-gcc, r-devel-windows-x86_64, r-patched-linux-x86_64, r-release-linux-x86_64, r-release-macos-arm64, r-release-macos-x86_64, r-release-windows-x86_64