CRAN Package Check Results for Package SemNetCleaner

Last updated on 2020-11-29 02:46:47 CET.

Flavor Version Tinstall Tcheck Ttotal Status Flags
r-devel-linux-x86_64-debian-clang 1.3.0 6.66 37.15 43.81 OK
r-devel-linux-x86_64-debian-gcc 1.3.0 5.00 27.92 32.92 OK
r-devel-linux-x86_64-fedora-clang 1.3.0 57.31 OK
r-devel-linux-x86_64-fedora-gcc 1.3.0 46.83 OK
r-devel-windows-ix86+x86_64 1.3.0 10.00 38.00 48.00 OK
r-patched-linux-x86_64 1.3.0 6.42 34.12 40.54 OK
r-patched-solaris-x86 1.3.0 63.30 OK
r-release-linux-x86_64 1.3.0 6.19 33.71 39.90 OK
r-release-macos-x86_64 1.3.0 OK
r-release-windows-ix86+x86_64 1.3.0 7.00 39.00 46.00 OK
r-oldrel-macos-x86_64 1.3.0 NOTE
r-oldrel-windows-ix86+x86_64 1.3.0 7.00 49.00 56.00 OK

Check Details

Version: 1.3.0
Check: dependencies in R code
Result: NOTE
    No protocol specified
    No protocol specified
Flavor: r-oldrel-macos-x86_64