Last updated on 2023-09-22 04:01:25 CEST.
Flavor | Version | Tinstall | Tcheck | Ttotal | Status | Flags |
---|---|---|---|---|---|---|
r-devel-linux-x86_64-debian-clang | 1.3.0 | 27.31 | 167.80 | 195.11 | NOTE | |
r-devel-linux-x86_64-debian-gcc | 1.3.0 | 22.72 | 118.31 | 141.03 | NOTE | |
r-devel-linux-x86_64-fedora-clang | 1.3.0 | 233.49 | NOTE | |||
r-devel-linux-x86_64-fedora-gcc | 1.3.0 | 249.03 | OK | |||
r-devel-windows-x86_64 | 1.3.0 | 25.00 | 132.00 | 157.00 | NOTE | |
r-patched-linux-x86_64 | 1.3.0 | 17.64 | 158.42 | 176.06 | NOTE | |
r-release-linux-x86_64 | 1.3.0 | 21.86 | 155.29 | 177.15 | NOTE | |
r-release-macos-arm64 | 1.3.0 | 69.00 | NOTE | |||
r-release-macos-x86_64 | 1.3.0 | 116.00 | NOTE | |||
r-release-windows-x86_64 | 1.3.0 | 31.00 | 162.00 | 193.00 | NOTE | |
r-oldrel-macos-arm64 | 1.3.0 | 64.00 | NOTE | |||
r-oldrel-macos-x86_64 | 1.3.0 | 87.00 | NOTE | |||
r-oldrel-windows-x86_64 | 1.3.0 | 33.00 | 155.00 | 188.00 | NOTE |
Version: 1.3.0
Check: package dependencies
Result: NOTE
Package suggested but not available for checking: ‘INLA’
Flavors: r-devel-linux-x86_64-debian-clang, r-devel-linux-x86_64-debian-gcc, r-devel-windows-x86_64, r-patched-linux-x86_64, r-release-linux-x86_64, r-release-macos-arm64, r-release-macos-x86_64, r-release-windows-x86_64, r-oldrel-macos-arm64, r-oldrel-macos-x86_64, r-oldrel-windows-x86_64
Version: 1.3.0
Check: installed package size
Result: NOTE
installed size is 5.7Mb
sub-directories of 1Mb or more:
data 1.7Mb
doc 3.3Mb
Flavors: r-devel-linux-x86_64-fedora-clang, r-devel-windows-x86_64, r-release-macos-arm64, r-release-macos-x86_64, r-release-windows-x86_64, r-oldrel-macos-arm64, r-oldrel-macos-x86_64, r-oldrel-windows-x86_64