Last updated on 2021-02-26 02:49:42 CET.
Flavor | Version | Tinstall | Tcheck | Ttotal | Status | Flags |
---|---|---|---|---|---|---|
r-devel-linux-x86_64-debian-clang | 2.1.13 | 16.52 | 269.38 | 285.90 | OK | |
r-devel-linux-x86_64-debian-gcc | 2.1.13 | 13.94 | 193.98 | 207.92 | OK | |
r-devel-linux-x86_64-fedora-clang | 2.1.13 | 347.76 | NOTE | |||
r-devel-linux-x86_64-fedora-gcc | 2.1.13 | 362.66 | NOTE | |||
r-devel-windows-ix86+x86_64 | 2.1.13 | 26.00 | 250.00 | 276.00 | OK | |
r-patched-linux-x86_64 | 2.1.13 | 11.03 | 199.36 | 210.39 | OK | |
r-patched-solaris-x86 | 2.1.13 | 1263.10 | NOTE | |||
r-release-linux-x86_64 | 2.1.13 | 10.86 | 254.51 | 265.37 | OK | |
r-release-macos-x86_64 | 2.1.13 | NOTE | ||||
r-release-windows-ix86+x86_64 | 2.1.13 | 40.00 | 344.00 | 384.00 | OK | |
r-oldrel-macos-x86_64 | 2.1.13 | NOTE | ||||
r-oldrel-windows-ix86+x86_64 | 2.1.13 | 21.00 | 348.00 | 369.00 | OK |
Version: 2.1.13
Check: dependencies in R code
Result: NOTE
Namespace in Imports field not imported from: ‘covr’
All declared Imports should be used.
Flavors: r-devel-linux-x86_64-fedora-clang, r-devel-linux-x86_64-fedora-gcc, r-patched-solaris-x86, r-release-macos-x86_64, r-oldrel-macos-x86_64