CRAN Package Check Results for Package Rpolyhedra

Last updated on 2021-04-21 03:49:13 CEST.

Flavor Version Tinstall Tcheck Ttotal Status Flags
r-devel-linux-x86_64-debian-clang 0.4.2 17.47 108.18 125.65 NOTE
r-devel-linux-x86_64-debian-gcc 0.4.2 14.79 79.62 94.41 NOTE
r-devel-linux-x86_64-fedora-clang 0.4.2 157.40 NOTE
r-devel-linux-x86_64-fedora-gcc 0.4.2 153.32 NOTE
r-devel-windows-ix86+x86_64 0.4.2 26.00 106.00 132.00 NOTE
r-devel-windows-x86_64-gcc10-UCRT 0.4.2 ERROR
r-patched-linux-x86_64 0.4.2 21.09 103.03 124.12 OK
r-patched-solaris-x86 0.4.2 202.00 WARN
r-release-linux-x86_64 0.4.2 15.91 102.27 118.18 OK
r-release-macos-x86_64 0.4.2 NOTE
r-release-windows-ix86+x86_64 0.4.2 34.00 135.00 169.00 OK
r-oldrel-macos-x86_64 0.4.2 WARN
r-oldrel-windows-ix86+x86_64 0.4.2 29.00 140.00 169.00 OK

Check Details

Version: 0.4.2
Check: LazyData
Result: NOTE
     'LazyData' is specified without a 'data' directory
Flavors: r-devel-linux-x86_64-debian-clang, r-devel-linux-x86_64-debian-gcc, r-devel-linux-x86_64-fedora-clang, r-devel-linux-x86_64-fedora-gcc, r-devel-windows-ix86+x86_64

Version: 0.4.2
Check: dependencies in R code
Result: NOTE
    Namespaces in Imports field not imported from:
     ‘dplyr’ ‘testthat’
     All declared Imports should be used.
Flavors: r-devel-linux-x86_64-fedora-clang, r-devel-linux-x86_64-fedora-gcc, r-patched-solaris-x86, r-release-macos-x86_64, r-oldrel-macos-x86_64

Version: 0.4.2
Check: package dependencies
Result: ERROR
    Package required but not available: 'rgl'
    
    See section 'The DESCRIPTION file' in the 'Writing R Extensions'
    manual.
Flavor: r-devel-windows-x86_64-gcc10-UCRT

Version: 0.4.2
Check: re-building of vignette outputs
Result: WARN
    Error(s) in re-building vignettes:
     ...
    --- re-building ‘Rpolyhedra.Rmd’ using rmarkdown
    Warning in engine$weave(file, quiet = quiet, encoding = enc) :
     Pandoc (>= 1.12.3) not available. Falling back to R Markdown v1.
    PhantomJS not found. You can install it with webshot::install_phantomjs(). If it is installed, please make sure the phantomjs executable can be found via the PATH variable.
    Quitting from lines 49-88 (Rpolyhedra.Rmd)
    Error: processing vignette 'Rpolyhedra.Rmd' failed with diagnostics:
    subscript out of bounds
    --- failed re-building ‘Rpolyhedra.Rmd’
    
    SUMMARY: processing the following file failed:
     ‘Rpolyhedra.Rmd’
    
    Error: Vignette re-building failed.
    Execution halted
Flavor: r-patched-solaris-x86

Version: 0.4.2
Check: whether package can be installed
Result: WARN
    Found the following significant warnings:
     Warning: 'rgl_init' failed, running with rgl.useNULL = TRUE
Flavor: r-oldrel-macos-x86_64