CRAN Package Check Results for Package Rmpi

Last updated on 2020-10-29 02:50:10 CET.

Flavor Version Tinstall Tcheck Ttotal Status Flags
r-devel-linux-x86_64-debian-clang 0.6-9 7.71 37.14 44.85 OK
r-devel-linux-x86_64-debian-gcc 0.6-9 5.45 29.44 34.89 OK
r-devel-linux-x86_64-fedora-clang 0.6-9 60.37 OK
r-devel-linux-x86_64-fedora-gcc 0.6-9 52.96 OK
r-devel-windows-ix86+x86_64 0.6-9 19.00 57.00 76.00 OK
r-patched-linux-x86_64 0.6-9 6.71 35.02 41.73 OK
r-patched-solaris-x86 0.6-9 63.30 OK
r-release-linux-x86_64 0.6-9 6.73 35.28 42.01 OK
r-release-macos-x86_64 0.6-9 ERROR
r-release-windows-ix86+x86_64 0.6-9 18.00 56.00 74.00 OK
r-oldrel-macos-x86_64 0.6-9 ERROR
r-oldrel-windows-ix86+x86_64 0.6-9 34.00 75.00 109.00 OK

Check Details

Version: 0.6-9
Check: whether package can be installed
Result: ERROR
    Installation failed.
Flavors: r-release-macos-x86_64, r-oldrel-macos-x86_64