CRAN Package Check Results for Package RcppSpdlog

Last updated on 2021-09-28 03:49:24 CEST.

Flavor Version Tinstall Tcheck Ttotal Status Flags
r-devel-linux-x86_64-debian-clang 0.0.6 41.24 29.91 71.15 OK
r-devel-linux-x86_64-debian-gcc 0.0.6 26.41 23.54 49.95 OK
r-devel-linux-x86_64-fedora-clang 0.0.6 98.37 OK
r-devel-linux-x86_64-fedora-gcc 0.0.6 91.84 OK
r-devel-windows-x86_64 0.0.6 39.00 54.00 93.00 OK
r-devel-windows-x86_64-gcc10-UCRT 0.0.6 OK
r-patched-linux-x86_64 0.0.6 32.78 28.50 61.28 OK
r-patched-solaris-x86 0.0.6 93.90 OK
r-release-linux-x86_64 0.0.6 32.21 28.69 60.90 OK
r-release-macos-arm64 0.0.6 NOTE
r-release-macos-x86_64 0.0.6 NOTE
r-release-windows-ix86+x86_64 0.0.6 90.00 82.00 172.00 OK
r-oldrel-macos-x86_64 0.0.6 NOTE
r-oldrel-windows-ix86+x86_64 0.0.6 97.00 70.00 167.00 OK

Check Details

Version: 0.0.6
Check: installed package size
Result: NOTE
     installed size is 5.7Mb
     sub-directories of 1Mb or more:
     libs 4.6Mb
Flavors: r-release-macos-arm64, r-release-macos-x86_64, r-oldrel-macos-x86_64