Last updated on 2023-05-30 16:00:42 CEST.
Flavor | Version | Tinstall | Tcheck | Ttotal | Status | Flags |
---|---|---|---|---|---|---|
r-devel-linux-x86_64-debian-clang | 0.4 | 6.79 | 55.94 | 62.73 | NOTE | |
r-devel-linux-x86_64-debian-gcc | 0.4 | 5.27 | 43.24 | 48.51 | NOTE | |
r-devel-linux-x86_64-fedora-clang | 0.4 | 79.01 | NOTE | |||
r-devel-linux-x86_64-fedora-gcc | 0.4 | 81.07 | NOTE | |||
r-devel-windows-x86_64 | 0.4 | 5.00 | 65.00 | 70.00 | OK | |
r-patched-linux-x86_64 | 0.4 | 7.49 | 53.47 | 60.96 | NOTE | |
r-release-linux-x86_64 | 0.4 | 7.04 | 53.81 | 60.85 | NOTE | |
r-release-macos-arm64 | 0.4 | 25.00 | OK | |||
r-release-macos-x86_64 | 0.4 | 42.00 | OK | |||
r-release-windows-x86_64 | 0.4 | 6.00 | 72.00 | 78.00 | OK | |
r-oldrel-macos-arm64 | 0.4 | 26.00 | OK | |||
r-oldrel-macos-x86_64 | 0.4 | 34.00 | OK | |||
r-oldrel-windows-x86_64 | 0.4 | 8.00 | 78.00 | 86.00 | OK |
Version: 0.4
Check: for non-standard things in the check directory
Result: NOTE
Found the following files/directories:
‘blcs.dot’ ‘ex1.dot’ ‘ex1bridge1.dot’ ‘ex1bridge2.dot’
‘ex1bridge3.dot’ ‘ex1effect1.dot’ ‘ex1effect2.dot’ ‘gcmlinear.dot’
‘latent.dot’ ‘lcs.dot’ ‘mimic.dot’
Flavors: r-devel-linux-x86_64-debian-clang, r-devel-linux-x86_64-debian-gcc, r-patched-linux-x86_64, r-release-linux-x86_64
Version: 0.4
Check: for non-standard things in the check directory
Result: NOTE
Found the following files/directories:
‘blcs.dot’ ‘blcs.pdf’ ‘ex1.dot’ ‘ex1.pdf’ ‘ex1bridge1.dot’
‘ex1bridge1.pdf’ ‘ex1bridge2.dot’ ‘ex1bridge2.pdf’ ‘ex1bridge3.dot’
‘ex1bridge3.pdf’ ‘ex1effect1.dot’ ‘ex1effect1.pdf’ ‘ex1effect2.dot’
‘ex1effect2.pdf’ ‘gcmlinear.dot’ ‘gcmlinear.pdf’ ‘latent.dot’
‘latent.pdf’ ‘lcs.dot’ ‘lcs.pdf’ ‘mimic.dot’ ‘mimic.pdf’
Flavors: r-devel-linux-x86_64-fedora-clang, r-devel-linux-x86_64-fedora-gcc