CRAN Package Check Results for Package PLMIX

Last updated on 2020-09-22 03:49:34 CEST.

Flavor Version Tinstall Tcheck Ttotal Status Flags
r-devel-linux-x86_64-debian-clang 2.1.1 182.84 123.16 306.00 OK
r-devel-linux-x86_64-debian-gcc 2.1.1 0.31 2.12 2.43 ERROR
r-devel-linux-x86_64-fedora-clang 2.1.1 437.17 NOTE
r-devel-linux-x86_64-fedora-gcc 2.1.1 379.32 NOTE
r-devel-windows-ix86+x86_64 2.1.1 416.00 240.00 656.00 OK
r-patched-linux-x86_64 2.1.1 129.22 118.48 247.70 OK
r-patched-solaris-x86 2.1.1 389.00 NOTE
r-release-linux-x86_64 2.1.1 130.83 119.51 250.34 OK
r-release-macos-x86_64 2.1.1 NOTE
r-release-windows-ix86+x86_64 2.1.1 421.00 249.00 670.00 OK
r-oldrel-macos-x86_64 2.1.1 NOTE
r-oldrel-windows-ix86+x86_64 2.1.1 269.00 212.00 481.00 OK

Check Details

Version: 2.1.1
Check: whether package can be installed
Result: ERROR
    Installation failed.
Flavor: r-devel-linux-x86_64-debian-gcc

Version: 2.1.1
Check: dependencies in R code
Result: NOTE
    Namespaces in Imports field not imported from:
     ‘PlackettLuce’ ‘StatRank’ ‘pmr’ ‘prefmod’ ‘rankdist’
     All declared Imports should be used.
Flavors: r-devel-linux-x86_64-fedora-clang, r-devel-linux-x86_64-fedora-gcc, r-patched-solaris-x86, r-release-macos-x86_64, r-oldrel-macos-x86_64