CRAN Package Check Results for Package MSG

Last updated on 2021-04-21 03:49:06 CEST.

Flavor Version Tinstall Tcheck Ttotal Status Flags
r-devel-linux-x86_64-debian-clang 0.6 2.36 40.89 43.25 OK
r-devel-linux-x86_64-debian-gcc 0.6 2.05 32.41 34.46 OK
r-devel-linux-x86_64-fedora-clang 0.6 63.48 OK
r-devel-linux-x86_64-fedora-gcc 0.6 53.01 OK
r-devel-windows-ix86+x86_64 0.6 6.00 48.00 54.00 OK
r-devel-windows-x86_64-gcc10-UCRT 0.6 NOTE
r-patched-linux-x86_64 0.6 2.65 39.48 42.13 OK
r-patched-solaris-x86 0.6 76.50 OK
r-release-linux-x86_64 0.6 2.31 39.28 41.59 OK
r-release-macos-x86_64 0.6 OK
r-release-windows-ix86+x86_64 0.6 7.00 47.00 54.00 OK
r-oldrel-macos-x86_64 0.6 OK
r-oldrel-windows-ix86+x86_64 0.6 4.00 55.00 59.00 OK

Check Details

Version: 0.6
Check: package dependencies
Result: NOTE
    Package suggested but not available for checking: 'rgl'
Flavor: r-devel-windows-x86_64-gcc10-UCRT