CRAN Package Check Results for Package MPTinR

Last updated on 2020-09-19 03:49:49 CEST.

Flavor Version Tinstall Tcheck Ttotal Status Flags
r-devel-linux-x86_64-debian-clang 1.13.0 59.66 176.94 236.60 OK
r-devel-linux-x86_64-debian-gcc 1.13.0 46.41 136.45 182.86 OK
r-devel-linux-x86_64-fedora-clang 1.13.0 303.94 NOTE
r-devel-linux-x86_64-fedora-gcc 1.13.0 309.85 OK
r-devel-windows-ix86+x86_64 1.13.0 131.00 272.00 403.00 OK
r-patched-linux-x86_64 1.13.0 51.96 174.03 225.99 OK
r-patched-solaris-x86 1.13.0 317.70 OK
r-release-linux-x86_64 1.13.0 49.59 173.61 223.20 OK
r-release-macos-x86_64 1.13.0 NOTE
r-release-windows-ix86+x86_64 1.13.0 127.00 268.00 395.00 OK
r-oldrel-macos-x86_64 1.13.0 NOTE
r-oldrel-windows-ix86+x86_64 1.13.0 75.00 252.00 327.00 OK

Check Details

Version: 1.13.0
Check: installed package size
Result: NOTE
     installed size is 10.6Mb
     sub-directories of 1Mb or more:
     libs 9.4Mb
Flavors: r-devel-linux-x86_64-fedora-clang, r-release-macos-x86_64, r-oldrel-macos-x86_64