CRAN Package Check Results for Package MEMSS

Last updated on 2023-05-30 16:00:37 CEST.

Flavor Version Tinstall Tcheck Ttotal Status Flags
r-devel-linux-x86_64-debian-clang 0.9-3 6.63 49.55 56.18 NOTE
r-devel-linux-x86_64-debian-gcc 0.9-3 6.47 38.86 45.33 NOTE
r-devel-linux-x86_64-fedora-clang 0.9-3 73.04 NOTE
r-devel-linux-x86_64-fedora-gcc 0.9-3 83.68 NOTE
r-devel-windows-x86_64 0.9-3 7.00 73.00 80.00 NOTE
r-patched-linux-x86_64 0.9-3 7.79 48.61 56.40 NOTE
r-release-linux-x86_64 0.9-3 5.38 48.19 53.57 NOTE
r-release-macos-arm64 0.9-3 27.00 NOTE
r-release-macos-x86_64 0.9-3 42.00 NOTE
r-release-windows-x86_64 0.9-3 9.00 87.00 96.00 NOTE
r-oldrel-macos-arm64 0.9-3 24.00 OK
r-oldrel-macos-x86_64 0.9-3 39.00 OK
r-oldrel-windows-x86_64 0.9-3 10.00 84.00 94.00 OK

Check Details

Version: 0.9-3
Check: Rd files
Result: NOTE
    checkRd: (-1) Soybean.Rd:15: Escaped LaTeX specials: \#
    checkRd: (-1) Soybean.Rd:33: Escaped LaTeX specials: \#
Flavors: r-devel-linux-x86_64-debian-clang, r-devel-linux-x86_64-debian-gcc, r-devel-linux-x86_64-fedora-clang, r-devel-linux-x86_64-fedora-gcc, r-devel-windows-x86_64, r-patched-linux-x86_64, r-release-linux-x86_64, r-release-macos-arm64, r-release-macos-x86_64, r-release-windows-x86_64