CRAN Package Check Results for Package MCMCpack

Last updated on 2020-09-28 03:47:46 CEST.

Flavor Version Tinstall Tcheck Ttotal Status Flags
r-devel-linux-x86_64-debian-clang 1.4-9 535.77 130.03 665.80 OK
r-devel-linux-x86_64-debian-gcc 1.4-9 321.64 99.15 420.79 OK
r-devel-linux-x86_64-fedora-clang 1.4-9 985.53 NOTE
r-devel-linux-x86_64-fedora-gcc 1.4-9 698.30 OK
r-devel-windows-ix86+x86_64 1.4-9 782.00 234.00 1016.00 NOTE
r-patched-linux-x86_64 1.4-9 353.76 121.86 475.62 OK
r-patched-solaris-x86 1.4-9 1230.80 NOTE
r-release-linux-x86_64 1.4-9 349.83 120.09 469.92 OK
r-release-macos-x86_64 1.4-9 NOTE
r-release-windows-ix86+x86_64 1.4-9 782.00 220.00 1002.00 NOTE
r-oldrel-macos-x86_64 1.4-9 NOTE
r-oldrel-windows-ix86+x86_64 1.4-9 742.00 208.00 950.00 NOTE

Check Details

Version: 1.4-9
Check: installed package size
Result: NOTE
     installed size is 52.1Mb
     sub-directories of 1Mb or more:
     libs 51.1Mb
Flavors: r-devel-linux-x86_64-fedora-clang, r-devel-windows-ix86+x86_64, r-patched-solaris-x86, r-release-macos-x86_64, r-release-windows-ix86+x86_64, r-oldrel-macos-x86_64, r-oldrel-windows-ix86+x86_64