CRAN Package Check Results for Package MCAvariants

Last updated on 2020-09-22 03:49:29 CEST.

Flavor Version Tinstall Tcheck Ttotal Status Flags
r-devel-linux-x86_64-debian-clang 2.5 7.47 57.64 65.11 OK
r-devel-linux-x86_64-debian-gcc 2.5 0.30 1.90 2.20 ERROR
r-devel-linux-x86_64-fedora-clang 2.5 84.67 OK
r-devel-linux-x86_64-fedora-gcc 2.5 77.51 OK
r-devel-windows-ix86+x86_64 2.5 18.00 83.00 101.00 OK
r-patched-linux-x86_64 2.5 6.50 55.42 61.92 OK
r-patched-solaris-x86 2.5 113.50 OK
r-release-linux-x86_64 2.5 5.91 55.61 61.52 OK
r-release-macos-x86_64 2.5 OK
r-release-windows-ix86+x86_64 2.5 17.00 85.00 102.00 OK
r-oldrel-macos-x86_64 2.5 OK
r-oldrel-windows-ix86+x86_64 2.5 9.00 68.00 77.00 OK

Check Details

Version: 2.5
Check: whether package can be installed
Result: ERROR
    Installation failed.
Flavor: r-devel-linux-x86_64-debian-gcc