CRAN Package Check Results for Package MBESS

Last updated on 2020-09-22 03:49:29 CEST.

Flavor Version Tinstall Tcheck Ttotal Status Flags
r-devel-linux-x86_64-debian-clang 4.8.0 19.01 99.67 118.68 OK
r-devel-linux-x86_64-debian-gcc 4.8.0 0.47 2.90 3.37 ERROR
r-devel-linux-x86_64-fedora-clang 4.8.0 155.64 OK
r-devel-linux-x86_64-fedora-gcc 4.8.0 148.27 OK
r-devel-windows-ix86+x86_64 4.8.0 33.00 123.00 156.00 OK
r-patched-linux-x86_64 4.8.0 20.03 99.27 119.30 OK
r-patched-solaris-x86 4.8.0 171.00 OK
r-release-linux-x86_64 4.8.0 16.73 99.66 116.39 OK
r-release-macos-x86_64 4.8.0 OK
r-release-windows-ix86+x86_64 4.8.0 31.00 93.00 124.00 OK
r-oldrel-macos-x86_64 4.8.0 OK
r-oldrel-windows-ix86+x86_64 4.8.0 21.00 101.00 122.00 OK

Check Details

Version: 4.8.0
Check: whether package can be installed
Result: ERROR
    Installation failed.
Flavor: r-devel-linux-x86_64-debian-gcc