CRAN Package Check Results for Package MARSS

Last updated on 2020-12-02 02:51:58 CET.

Flavor Version Tinstall Tcheck Ttotal Status Flags
r-devel-linux-x86_64-debian-clang 3.11.3 28.53 244.15 272.68 OK
r-devel-linux-x86_64-debian-gcc 3.11.3 18.36 180.26 198.62 OK
r-devel-linux-x86_64-fedora-clang 3.11.3 320.36 OK
r-devel-linux-x86_64-fedora-gcc 3.11.3 313.89 OK
r-devel-windows-ix86+x86_64 3.11.3 33.00 250.00 283.00 OK
r-patched-linux-x86_64 3.11.3 21.12 229.89 251.01 OK
r-patched-solaris-x86 3.11.3 340.70 NOTE
r-release-linux-x86_64 3.11.3 23.83 232.80 256.63 OK
r-release-macos-x86_64 3.11.3 OK
r-release-windows-ix86+x86_64 3.11.3 33.00 186.00 219.00 OK
r-oldrel-macos-x86_64 3.11.3 OK
r-oldrel-windows-ix86+x86_64 3.11.3 23.00 256.00 279.00 OK

Check Details

Version: 3.11.3
Check: installed package size
Result: NOTE
     installed size is 5.3Mb
     sub-directories of 1Mb or more:
     doc 3.8Mb
Flavor: r-patched-solaris-x86