CRAN Package Check Results for Package LSRS

Last updated on 2021-04-21 03:49:04 CEST.

Flavor Version Tinstall Tcheck Ttotal Status Flags
r-devel-linux-x86_64-debian-clang 0.2.0 1.97 20.71 22.68 NOTE
r-devel-linux-x86_64-debian-gcc 0.2.0 1.56 16.30 17.86 NOTE
r-devel-linux-x86_64-fedora-clang 0.2.0 37.71 NOTE
r-devel-linux-x86_64-fedora-gcc 0.2.0 28.80 NOTE
r-devel-windows-ix86+x86_64 0.2.0 5.00 26.00 31.00 NOTE
r-devel-windows-x86_64-gcc10-UCRT 0.2.0 NOTE
r-patched-linux-x86_64 0.2.0 1.86 20.03 21.89 OK
r-patched-solaris-x86 0.2.0 41.30 OK
r-release-linux-x86_64 0.2.0 1.98 20.21 22.19 OK
r-release-macos-x86_64 0.2.0 OK
r-release-windows-ix86+x86_64 0.2.0 5.00 35.00 40.00 OK
r-oldrel-macos-x86_64 0.2.0 OK
r-oldrel-windows-ix86+x86_64 0.2.0 3.00 34.00 37.00 OK

Check Details

Version: 0.2.0
Check: LazyData
Result: NOTE
     'LazyData' is specified without a 'data' directory
Flavors: r-devel-linux-x86_64-debian-clang, r-devel-linux-x86_64-debian-gcc, r-devel-linux-x86_64-fedora-clang, r-devel-linux-x86_64-fedora-gcc, r-devel-windows-ix86+x86_64, r-devel-windows-x86_64-gcc10-UCRT