CRAN Package Check Results for Package INSPIRE

Last updated on 2020-10-27 02:49:30 CET.

Flavor Version Tinstall Tcheck Ttotal Status Flags
r-devel-linux-x86_64-debian-clang 1.5 7.32 51.98 59.30 OK
r-devel-linux-x86_64-debian-gcc 1.5 5.95 39.80 45.75 OK
r-devel-linux-x86_64-fedora-clang 1.5 80.50 NOTE
r-devel-linux-x86_64-fedora-gcc 1.5 78.99 NOTE
r-devel-windows-ix86+x86_64 1.5 20.00 86.00 106.00 OK
r-patched-linux-x86_64 1.5 OK
r-patched-solaris-x86 1.5 105.40 OK
r-release-linux-x86_64 1.5 7.34 47.86 55.20 OK
r-release-macos-x86_64 1.5 OK
r-release-windows-ix86+x86_64 1.5 16.00 74.00 90.00 OK
r-oldrel-macos-x86_64 1.5 OK
r-oldrel-windows-ix86+x86_64 1.5 16.00 86.00 102.00 OK

Check Details

Version: 1.5
Check: compiled code
Result: NOTE
    File ‘INSPIRE/libs/INSPIRE.so’:
     Found no calls to: ‘R_registerRoutines’, ‘R_useDynamicSymbols’
    
    It is good practice to register native routines and to disable symbol
    search.
    
    See ‘Writing portable packages’ in the ‘Writing R Extensions’ manual.
Flavors: r-devel-linux-x86_64-fedora-clang, r-devel-linux-x86_64-fedora-gcc