Last updated on 2023-09-26 15:12:55 CEST.
Flavor | Version | Tinstall | Tcheck | Ttotal | Status | Flags |
---|---|---|---|---|---|---|
r-devel-linux-x86_64-debian-clang | 1.7.5 | 54.91 | 274.85 | 329.76 | NOTE | |
r-devel-linux-x86_64-debian-gcc | 1.7.5 | 40.64 | 204.01 | 244.65 | NOTE | |
r-devel-linux-x86_64-fedora-clang | 1.7.5 | 427.71 | NOTE | |||
r-devel-linux-x86_64-fedora-gcc | 1.7.5 | 431.84 | NOTE | |||
r-devel-windows-x86_64 | 1.7.5 | 46.00 | 267.00 | 313.00 | NOTE | |
r-patched-linux-x86_64 | 1.7.5 | 48.90 | 259.88 | 308.78 | NOTE | |
r-release-linux-x86_64 | 1.7.5 | 47.69 | 263.17 | 310.86 | NOTE | |
r-release-macos-arm64 | 1.7.5 | 142.00 | NOTE | |||
r-release-macos-x86_64 | 1.7.5 | 241.00 | NOTE | |||
r-release-windows-x86_64 | 1.7.5 | 60.00 | 319.00 | 379.00 | NOTE | |
r-oldrel-macos-arm64 | 1.7.5 | 116.00 | OK | |||
r-oldrel-macos-x86_64 | 1.7.5 | 174.00 | OK | |||
r-oldrel-windows-x86_64 | 1.7.5 | 57.00 | 310.00 | 367.00 | OK |
Version: 1.7.5
Check: Rd files
Result: NOTE
checkRd: (-1) HWAlr.Rd:25: Escaped LaTeX specials: \&
checkRd: (-1) HWAlrPlot.Rd:25: Escaped LaTeX specials: \&
checkRd: (-1) HWClr.Rd:23: Escaped LaTeX specials: \&
checkRd: (-1) HWClrPlot.Rd:25: Escaped LaTeX specials: \&
checkRd: (-1) HWIlr.Rd:30: Escaped LaTeX specials: \&
checkRd: (-1) HWf.Rd:25: Escaped LaTeX specials: \&
Flavors: r-devel-linux-x86_64-debian-clang, r-devel-linux-x86_64-debian-gcc, r-devel-linux-x86_64-fedora-clang, r-devel-linux-x86_64-fedora-gcc, r-devel-windows-x86_64, r-patched-linux-x86_64, r-release-linux-x86_64, r-release-macos-arm64, r-release-macos-x86_64, r-release-windows-x86_64
Version: 1.7.5
Check: re-building of vignette outputs
Result: NOTE
Error(s) in re-building vignettes:
--- re-building ‘HardyWeinberg.Rnw’ using Sweave
Loading required package: mice
Attaching package: 'mice'
The following object is masked from 'package:stats':
filter
The following objects are masked from 'package:base':
cbind, rbind
Loading required package: Rsolnp
Loading required package: nnet
Warning: Number of logged events: 1
Warning: Number of logged events: 1
Error: processing vignette 'HardyWeinberg.Rnw' failed with diagnostics:
Running 'texi2dvi' on 'HardyWeinberg.tex' failed.
LaTeX errors:
! LaTeX Error: File `wasysym.sty' not found.
Type X to quit or <RETURN> to proceed,
or enter new name. (Default extension: sty)
! Emergency stop.
<read *>
l.10 ^^M
! ==> Fatal error occurred, no output PDF file produced!
--- failed re-building 'HardyWeinberg.Rnw'
SUMMARY: processing the following file failed:
'HardyWeinberg.Rnw'
Error: Vignette re-building failed.
Execution halted
Flavor: r-release-macos-x86_64