CRAN Package Check Results for Package ForImp

Last updated on 2020-10-27 02:49:28 CET.

Flavor Version Tinstall Tcheck Ttotal Status Flags
r-devel-linux-x86_64-debian-clang 1.0.3 5.46 46.45 51.91 NOTE
r-devel-linux-x86_64-debian-gcc 1.0.3 4.61 36.63 41.24 NOTE
r-devel-linux-x86_64-fedora-clang 1.0.3 71.22 NOTE
r-devel-linux-x86_64-fedora-gcc 1.0.3 66.41 NOTE
r-devel-windows-ix86+x86_64 1.0.3 13.00 63.00 76.00 NOTE
r-patched-linux-x86_64 1.0.3 NOTE
r-patched-solaris-x86 1.0.3 90.20 NOTE
r-release-linux-x86_64 1.0.3 5.34 43.78 49.12 NOTE
r-release-macos-x86_64 1.0.3 NOTE
r-release-windows-ix86+x86_64 1.0.3 12.00 50.00 62.00 NOTE
r-oldrel-macos-x86_64 1.0.3 WARN
r-oldrel-windows-ix86+x86_64 1.0.3 11.00 67.00 78.00 NOTE

Check Details

Version: 1.0.3
Check: DESCRIPTION meta-information
Result: NOTE
    Malformed Description field: should contain one or more complete sentences.
Flavors: r-devel-linux-x86_64-debian-clang, r-devel-linux-x86_64-debian-gcc, r-devel-linux-x86_64-fedora-clang, r-devel-linux-x86_64-fedora-gcc, r-devel-windows-ix86+x86_64, r-patched-linux-x86_64, r-patched-solaris-x86, r-release-linux-x86_64, r-release-macos-x86_64, r-release-windows-ix86+x86_64, r-oldrel-macos-x86_64, r-oldrel-windows-ix86+x86_64

Version: 1.0.3
Check: R code for possible problems
Result: NOTE
    ForImp: no visible global function definition for 'head'
    ForImp: no visible global function definition for 'tail'
    ForImp: no visible global function definition for 'dist'
    medianimp: no visible global function definition for 'quantile'
    rancatmat: no visible global function definition for 'runif'
    transfmatcat: no visible global function definition for 'qnorm'
    transfmatcat: no visible global function definition for 'sd'
    Undefined global functions or variables:
     dist head qnorm quantile runif sd tail
    Consider adding
     importFrom("stats", "dist", "qnorm", "quantile", "runif", "sd")
     importFrom("utils", "head", "tail")
    to your NAMESPACE file.
Flavors: r-devel-linux-x86_64-debian-clang, r-devel-linux-x86_64-debian-gcc, r-devel-linux-x86_64-fedora-clang, r-devel-linux-x86_64-fedora-gcc, r-devel-windows-ix86+x86_64, r-patched-linux-x86_64, r-patched-solaris-x86, r-release-linux-x86_64, r-release-macos-x86_64, r-release-windows-ix86+x86_64, r-oldrel-macos-x86_64, r-oldrel-windows-ix86+x86_64

Version: 1.0.3
Check: whether package can be installed
Result: WARN
    Found the following significant warnings:
     Warning: 'rgl_init' failed, running with rgl.useNULL = TRUE
Flavor: r-oldrel-macos-x86_64