Last updated on 2023-09-22 04:01:10 CEST.
Flavor | Version | Tinstall | Tcheck | Ttotal | Status | Flags |
---|---|---|---|---|---|---|
r-devel-linux-x86_64-debian-clang | 3.1.1 | 5.00 | 431.12 | 436.12 | OK | |
r-devel-linux-x86_64-debian-gcc | 3.1.1 | 4.84 | 338.57 | 343.41 | OK | |
r-devel-linux-x86_64-fedora-clang | 3.1.1 | 461.08 | NOTE | |||
r-devel-linux-x86_64-fedora-gcc | 3.1.1 | 511.11 | NOTE | |||
r-devel-windows-x86_64 | 3.1.1 | 7.00 | 377.00 | 384.00 | OK | |
r-patched-linux-x86_64 | 3.1.1 | 6.82 | 424.18 | 431.00 | OK | |
r-release-linux-x86_64 | 3.1.1 | 4.79 | 422.40 | 427.19 | OK | |
r-release-macos-arm64 | 3.1.1 | 253.00 | OK | |||
r-release-macos-x86_64 | 3.1.1 | 317.00 | OK | |||
r-release-windows-x86_64 | 3.1.1 | 9.00 | 377.00 | 386.00 | OK | |
r-oldrel-macos-arm64 | 3.1.1 | 281.00 | NOTE | |||
r-oldrel-macos-x86_64 | 3.1.1 | 194.00 | NOTE | |||
r-oldrel-windows-x86_64 | 3.1.1 | 9.00 | 387.00 | 396.00 | OK |
Version: 3.1.1
Check: dependencies in R code
Result: NOTE
Namespace in Imports field not imported from: ‘BiocStyle’
All declared Imports should be used.
Flavors: r-devel-linux-x86_64-fedora-clang, r-devel-linux-x86_64-fedora-gcc, r-oldrel-macos-arm64, r-oldrel-macos-x86_64