CRAN Package Check Results for Package EFAutilities

Last updated on 2020-09-18 03:49:37 CEST.

Flavor Version Tinstall Tcheck Ttotal Status Flags
r-devel-linux-x86_64-debian-clang 2.1.0 11.32 101.98 113.30 OK
r-devel-linux-x86_64-debian-gcc 2.1.0 9.61 73.61 83.22 OK
r-devel-linux-x86_64-fedora-clang 2.1.0 142.87 NOTE
r-devel-linux-x86_64-fedora-gcc 2.1.0 146.86 NOTE
r-devel-windows-ix86+x86_64 2.1.0 26.00 153.00 179.00 OK
r-patched-linux-x86_64 2.1.0 11.63 97.08 108.71 OK
r-patched-solaris-x86 2.1.0 18.60 ERROR
r-release-linux-x86_64 2.1.0 11.37 97.95 109.32 OK
r-release-macos-x86_64 2.1.0 NOTE
r-release-windows-ix86+x86_64 2.1.0 26.00 150.00 176.00 OK
r-oldrel-macos-x86_64 2.1.0 ERROR
r-oldrel-windows-ix86+x86_64 2.1.0 20.00 140.00 160.00 OK

Check Details

Version: 2.1.0
Check: dependencies in R code
Result: NOTE
    Namespace in Imports field not imported from: ‘mvtnorm’
     All declared Imports should be used.
Flavors: r-devel-linux-x86_64-fedora-clang, r-devel-linux-x86_64-fedora-gcc, r-release-macos-x86_64, r-oldrel-macos-x86_64

Version: 2.1.0
Check: whether package can be installed
Result: ERROR
    Installation failed.
Flavor: r-patched-solaris-x86

Version: 2.1.0
Check: examples
Result: ERROR
    Running examples in ‘EFAutilities-Ex.R’ failed
    The error most likely occurred in:
    
    > ### Name: efa
    > ### Title: Exploratory Factor Analysis
    > ### Aliases: efa
    > ### Keywords: exploratory factor analysis factor rotation standard error
    > ### factor loadings
    >
    > ### ** Examples
    >
    > #Examples using the data sets included in the packages:
    >
    > data("CPAI537") # Chinese personality assessment inventory (N = 537)
    >
    > #1a) normal, ml, oblique, CF-varimax, information, merror='NO'
    > res1 <- efa(x=CPAI537,factors=4, fm='ml')
    OMP: Error #15: Initializing libomp.dylib, but found libomp.dylib already initialized.
    OMP: Hint This means that multiple copies of the OpenMP runtime have been linked into the program. That is dangerous, since it can degrade performance or cause incorrect results. The best thing to do is to ensure that only a single OpenMP runtime is linked into the process, e.g. by avoiding static linking of the OpenMP runtime in any library. As an unsafe, unsupported, undocumented workaround you can set the environment variable KMP_DUPLICATE_LIB_OK=TRUE to allow the program to continue to execute, but that may cause crashes or silently produce incorrect results. For more information, please see http://openmp.llvm.org/
Flavor: r-oldrel-macos-x86_64

Version: 2.1.0
Check: re-building of vignette outputs
Result: WARN
    Error(s) in re-building vignettes:
     ...
    --- re-building ‘EFAutilities-vignette.Rmd’ using rmarkdown
    Warning in engine$weave(file, quiet = quiet, encoding = enc) :
     Pandoc (>= 1.12.3) and/or pandoc-citeproc not available. Falling back to R Markdown v1.
    OMP: Error #15: Initializing libomp.dylib, but found libomp.dylib already initialized.
    OMP: Hint This means that multiple copies of the OpenMP runtime have been linked into the program. That is dangerous, since it can degrade performance or cause incorrect results. The best thing to do is to ensure that only a single OpenMP runtime is linked into the process, e.g. by avoiding static linking of the OpenMP runtime in any library. As an unsafe, unsupported, undocumented workaround you can set the environment variable KMP_DUPLICATE_LIB_OK=TRUE to allow the program to continue to execute, but that may cause crashes or silently produce incorrect results. For more information, please see http://openmp.llvm.org/
Flavor: r-oldrel-macos-x86_64