Last updated on 2021-02-25 02:48:34 CET.
Flavor | Version | Tinstall | Tcheck | Ttotal | Status | Flags |
---|---|---|---|---|---|---|
r-devel-linux-x86_64-debian-clang | 1.1.5 | 158.90 | 95.16 | 254.06 | OK | |
r-devel-linux-x86_64-debian-gcc | 1.1.5 | 100.92 | 71.56 | 172.48 | OK | |
r-devel-linux-x86_64-fedora-clang | 1.1.5 | 343.76 | NOTE | |||
r-devel-linux-x86_64-fedora-gcc | 1.1.5 | 332.10 | OK | |||
r-devel-windows-ix86+x86_64 | 1.1.5 | 261.00 | 131.00 | 392.00 | NOTE | |
r-patched-linux-x86_64 | 1.1.5 | 113.12 | 90.94 | 204.06 | OK | |
r-patched-solaris-x86 | 1.1.5 | 267.70 | OK | |||
r-release-linux-x86_64 | 1.1.5 | 112.48 | 90.34 | 202.82 | OK | |
r-release-macos-x86_64 | 1.1.5 | NOTE | ||||
r-release-windows-ix86+x86_64 | 1.1.5 | 365.00 | 172.00 | 537.00 | NOTE | |
r-oldrel-macos-x86_64 | 1.1.5 | NOTE | ||||
r-oldrel-windows-ix86+x86_64 | 1.1.5 | 228.00 | 113.00 | 341.00 | NOTE |
Version: 1.1.5
Check: installed package size
Result: NOTE
installed size is 7.7Mb
sub-directories of 1Mb or more:
doc 3.0Mb
libs 4.4Mb
Flavors: r-devel-linux-x86_64-fedora-clang, r-devel-windows-ix86+x86_64, r-release-macos-x86_64, r-release-windows-ix86+x86_64, r-oldrel-macos-x86_64, r-oldrel-windows-ix86+x86_64