CRAN Package Check Results for Package DIFtree

Last updated on 2020-09-22 03:49:19 CEST.

Flavor Version Tinstall Tcheck Ttotal Status Flags
r-devel-linux-x86_64-debian-clang 3.1.6 14.77 90.28 105.05 OK
r-devel-linux-x86_64-debian-gcc 3.1.6 0.31 1.91 2.22 ERROR
r-devel-linux-x86_64-fedora-clang 3.1.6 138.49 OK
r-devel-linux-x86_64-fedora-gcc 3.1.6 151.42 OK
r-devel-windows-ix86+x86_64 3.1.6 26.00 123.00 149.00 OK
r-patched-linux-x86_64 3.1.6 13.82 88.84 102.66 OK
r-patched-solaris-x86 3.1.6 177.20 OK
r-release-linux-x86_64 3.1.6 13.97 91.17 105.14 OK
r-release-macos-x86_64 3.1.6 OK
r-release-windows-ix86+x86_64 3.1.6 26.00 91.00 117.00 OK
r-oldrel-macos-x86_64 3.1.6 OK
r-oldrel-windows-ix86+x86_64 3.1.6 16.00 110.00 126.00 OK

Check Details

Version: 3.1.6
Check: whether package can be installed
Result: ERROR
    Installation failed.
Flavor: r-devel-linux-x86_64-debian-gcc