CRAN Package Check Results for Package DIFlasso

Last updated on 2020-09-22 03:49:19 CEST.

Flavor Version Tinstall Tcheck Ttotal Status Flags
r-devel-linux-x86_64-debian-clang 1.0-4 7.85 62.76 70.61 OK
r-devel-linux-x86_64-debian-gcc 1.0-4 0.27 1.95 2.22 ERROR
r-devel-linux-x86_64-fedora-clang 1.0-4 97.73 OK
r-devel-linux-x86_64-fedora-gcc 1.0-4 101.24 OK
r-devel-windows-ix86+x86_64 1.0-4 19.00 90.00 109.00 OK
r-patched-linux-x86_64 1.0-4 7.55 61.52 69.07 OK
r-patched-solaris-x86 1.0-4 128.00 OK
r-release-linux-x86_64 1.0-4 8.73 64.45 73.18 OK
r-release-macos-x86_64 1.0-4 OK
r-release-windows-ix86+x86_64 1.0-4 18.00 64.00 82.00 OK
r-oldrel-macos-x86_64 1.0-4 OK
r-oldrel-windows-ix86+x86_64 1.0-4 11.00 82.00 93.00 OK

Check Details

Version: 1.0-4
Check: whether package can be installed
Result: ERROR
    Installation failed.
Flavor: r-devel-linux-x86_64-debian-gcc