CRAN Package Check Results for Package DFIT

Last updated on 2020-09-22 03:49:19 CEST.

Flavor Version Tinstall Tcheck Ttotal Status Flags
r-devel-linux-x86_64-debian-clang 1.0-3 5.71 49.31 55.02 OK
r-devel-linux-x86_64-debian-gcc 1.0-3 0.31 2.14 2.45 ERROR
r-devel-linux-x86_64-fedora-clang 1.0-3 75.54 OK
r-devel-linux-x86_64-fedora-gcc 1.0-3 76.85 OK
r-devel-windows-ix86+x86_64 1.0-3 14.00 76.00 90.00 OK
r-patched-linux-x86_64 1.0-3 5.88 48.30 54.18 OK
r-patched-solaris-x86 1.0-3 92.10 OK
r-release-linux-x86_64 1.0-3 4.82 48.43 53.25 OK
r-release-macos-x86_64 1.0-3 OK
r-release-windows-ix86+x86_64 1.0-3 12.00 73.00 85.00 OK
r-oldrel-macos-x86_64 1.0-3 OK
r-oldrel-windows-ix86+x86_64 1.0-3 8.00 71.00 79.00 OK

Check Details

Version: 1.0-3
Check: whether package can be installed
Result: ERROR
    Installation failed.
Flavor: r-devel-linux-x86_64-debian-gcc