CRAN Package Check Results for Package CoopGame

Last updated on 2020-12-05 02:49:41 CET.

Flavor Version Tinstall Tcheck Ttotal Status Flags
r-devel-linux-x86_64-debian-clang 0.2.1 9.99 110.98 120.97 OK
r-devel-linux-x86_64-debian-gcc 0.2.1 7.28 84.13 91.41 OK
r-devel-linux-x86_64-fedora-clang 0.2.1 148.50 OK
r-devel-linux-x86_64-fedora-gcc 0.2.1 145.13 OK
r-devel-windows-ix86+x86_64 0.2.1 20.00 214.00 234.00 OK
r-patched-linux-x86_64 0.2.1 11.56 106.92 118.48 OK
r-patched-solaris-x86 0.2.1 168.90 OK
r-release-linux-x86_64 0.2.1 10.08 107.06 117.14 OK
r-release-macos-x86_64 0.2.1 OK
r-release-windows-ix86+x86_64 0.2.1 15.00 125.00 140.00 OK
r-oldrel-macos-x86_64 0.2.1 WARN
r-oldrel-windows-ix86+x86_64 0.2.1 18.00 157.00 175.00 OK

Check Details

Version: 0.2.1
Check: whether package can be installed
Result: WARN
    Found the following significant warnings:
     Warning: 'rgl_init' failed, running with rgl.useNULL = TRUE
Flavor: r-oldrel-macos-x86_64