Last updated on 2023-09-26 15:12:49 CEST.
Flavor | Version | Tinstall | Tcheck | Ttotal | Status | Flags |
---|---|---|---|---|---|---|
r-devel-linux-x86_64-debian-clang | 0.9.0 | 142.32 | 655.95 | 798.27 | NOTE | |
r-devel-linux-x86_64-debian-gcc | 0.9.0 | 106.13 | 493.03 | 599.16 | NOTE | |
r-devel-linux-x86_64-fedora-clang | 0.9.0 | 796.76 | NOTE | |||
r-devel-linux-x86_64-fedora-gcc | 0.9.0 | 788.79 | NOTE | |||
r-devel-windows-x86_64 | 0.9.0 | 114.00 | 346.00 | 460.00 | NOTE | |
r-patched-linux-x86_64 | 0.9.0 | 104.40 | 515.41 | 619.81 | NOTE | |
r-release-linux-x86_64 | 0.9.0 | 106.67 | 536.98 | 643.65 | NOTE | |
r-release-macos-arm64 | 0.9.0 | 175.00 | NOTE | |||
r-release-macos-x86_64 | 0.9.0 | 287.00 | NOTE | |||
r-release-windows-x86_64 | 0.9.0 | 148.00 | 396.00 | 544.00 | NOTE | |
r-oldrel-macos-arm64 | 0.9.0 | 149.00 | NOTE | |||
r-oldrel-macos-x86_64 | 0.9.0 | 259.00 | NOTE | |||
r-oldrel-windows-x86_64 | 0.9.0 | 147.00 | 381.00 | 528.00 | OK |
Version: 0.9.0
Check: C++ specification
Result: NOTE
Specified C++11: please drop specification unless essential
Flavors: r-devel-linux-x86_64-debian-clang, r-devel-linux-x86_64-debian-gcc, r-devel-linux-x86_64-fedora-clang, r-devel-linux-x86_64-fedora-gcc, r-devel-windows-x86_64, r-patched-linux-x86_64, r-release-linux-x86_64, r-release-macos-arm64, r-release-macos-x86_64, r-release-windows-x86_64
Version: 0.9.0
Check: installed package size
Result: NOTE
installed size is 12.0Mb
sub-directories of 1Mb or more:
libs 10.6Mb
Flavors: r-release-macos-arm64, r-release-macos-x86_64, r-oldrel-macos-arm64, r-oldrel-macos-x86_64