CRAN Package Check Results for Package BlockCov

Last updated on 2021-05-07 03:46:58 CEST.

Flavor Version Tinstall Tcheck Ttotal Status Flags
r-devel-linux-x86_64-debian-clang 0.1.1 8.62 98.32 106.94 NOTE
r-devel-linux-x86_64-debian-gcc 0.1.1 7.43 72.32 79.75 NOTE
r-devel-linux-x86_64-fedora-clang 0.1.1 138.49 NOTE
r-devel-linux-x86_64-fedora-gcc 0.1.1 127.05 NOTE
r-devel-windows-ix86+x86_64 0.1.1 20.00 129.00 149.00 NOTE
r-devel-windows-x86_64-gcc10-UCRT 0.1.1 NOTE
r-patched-linux-x86_64 0.1.1 7.54 92.89 100.43 NOTE
r-patched-solaris-x86 0.1.1 184.60 OK
r-release-linux-x86_64 0.1.1 8.14 89.65 97.79 OK
r-release-macos-x86_64 0.1.1 OK
r-release-windows-ix86+x86_64 0.1.1 16.00 87.00 103.00 OK
r-oldrel-macos-x86_64 0.1.1 OK
r-oldrel-windows-ix86+x86_64 0.1.1 19.00 114.00 133.00 OK

Check Details

Version: 0.1.1
Check: LazyData
Result: NOTE
     'LazyData' is specified without a 'data' directory
Flavors: r-devel-linux-x86_64-debian-clang, r-devel-linux-x86_64-debian-gcc, r-devel-linux-x86_64-fedora-clang, r-devel-linux-x86_64-fedora-gcc, r-devel-windows-ix86+x86_64, r-devel-windows-x86_64-gcc10-UCRT, r-patched-linux-x86_64