CRAN Package Check Results for Package BayesPostEst

Last updated on 2020-10-26 02:46:46 CET.

Flavor Version Tinstall Tcheck Ttotal Status Flags
r-devel-linux-x86_64-debian-clang 0.2.1 7.18 280.14 287.32 OK
r-devel-linux-x86_64-debian-gcc 0.2.1 6.93 85.12 92.05 WARN
r-devel-linux-x86_64-fedora-clang 0.2.1 344.71 NOTE
r-devel-linux-x86_64-fedora-gcc 0.2.1 369.82 NOTE
r-devel-windows-ix86+x86_64 0.2.1 18.00 227.00 245.00 WARN
r-patched-linux-x86_64 0.2.1 7.88 235.67 243.55 WARN
r-patched-solaris-x86 0.2.1 537.30 NOTE
r-release-linux-x86_64 0.2.1 8.33 294.34 302.67 OK
r-release-macos-x86_64 0.2.1 NOTE
r-release-windows-ix86+x86_64 0.2.1 14.00 167.00 181.00 WARN
r-oldrel-macos-x86_64 0.2.1 NOTE
r-oldrel-windows-ix86+x86_64 0.2.1 16.00 233.00 249.00 WARN

Check Details

Version: 0.2.1
Check: package dependencies
Result: NOTE
    Packages suggested but not available for checking: 'rstan', 'rstanarm'
Flavor: r-devel-linux-x86_64-debian-gcc

Version: 0.2.1
Check: re-building of vignette outputs
Result: WARN
    Error(s) in re-building vignettes:
     ...
    --- re-building ‘getting_started.Rmd’ using rmarkdown
    Loading required package: rjags
    Loading required package: coda
    Linked to JAGS 4.3.0
    Loaded modules: basemod,bugs
    
    Attaching package: 'R2jags'
    
    The following object is masked from 'package:coda':
    
     traceplot
    
    module glm loaded
    Loading required package: MASS
    ##
    ## Markov Chain Monte Carlo Package (MCMCpack)
    ## Copyright (C) 2003-2020 Andrew D. Martin, Kevin M. Quinn, and Jong Hee Park
    ##
    ## Support provided by the U.S. National Science Foundation
    ## (Grants SES-0350646 and SES-0350613)
    ##
    Quitting from lines 197-200 (getting_started.Rmd)
    Error: processing vignette 'getting_started.Rmd' failed with diagnostics:
    there is no package called 'rstan'
    --- failed re-building ‘getting_started.Rmd’
    
    SUMMARY: processing the following file failed:
     ‘getting_started.Rmd’
    
    Error: Vignette re-building failed.
    Execution halted
Flavor: r-devel-linux-x86_64-debian-gcc

Version: 0.2.1
Check: dependencies in R code
Result: NOTE
    Namespaces in Imports field not imported from:
     ‘HDInterval’ ‘carData’ ‘runjags’
     All declared Imports should be used.
Flavors: r-devel-linux-x86_64-fedora-clang, r-devel-linux-x86_64-fedora-gcc, r-patched-solaris-x86, r-release-macos-x86_64, r-oldrel-macos-x86_64

Version: 0.2.1
Check: re-building of vignette outputs
Result: WARN
    Error(s) in re-building vignettes:
    --- re-building 'getting_started.Rmd' using rmarkdown
    Loading required package: rjags
    Loading required package: coda
    Linked to JAGS 4.3.0
    Loaded modules: basemod,bugs
    
    Attaching package: 'R2jags'
    
    The following object is masked from 'package:coda':
    
     traceplot
    
    module glm loaded
    Loading required package: MASS
    ##
    ## Markov Chain Monte Carlo Package (MCMCpack)
    ## Copyright (C) 2003-2020 Andrew D. Martin, Kevin M. Quinn, and Jong Hee Park
    ##
    ## Support provided by the U.S. National Science Foundation
    ## (Grants SES-0350646 and SES-0350613)
    ##
    Loading required package: StanHeaders
    Loading required package: ggplot2
    rstan (Version 2.21.2, GitRev: 2e1f913d3ca3)
    For execution on a local, multicore CPU with excess RAM we recommend calling
    options(mc.cores = parallel::detectCores()).
    To avoid recompilation of unchanged Stan programs, we recommend calling
    rstan_options(auto_write = TRUE)
    Do not specify '-march=native' in 'LOCAL_CPPFLAGS' or a Makevars file
    
    Attaching package: 'rstan'
    
    The following object is masked from 'package:R2jags':
    
     traceplot
    
    The following object is masked from 'package:coda':
    
     traceplot
    
    make cmd is
     make -f "D:/RCompile/recent/R/etc/x64/Makeconf" -f "D:/RCompile/recent/R/etc/x64/Makevars.site" -f "D:/RCompile/recent/R/share/make/winshlib.mk" CXX='$(CXX14) $(CXX14STD)' CXXFLAGS='$(CXX14FLAGS)' CXXPICFLAGS='$(CXX14PICFLAGS)' SHLIB_LDFLAGS='$(SHLIB_CXX14LDFLAGS)' SHLIB_LD='$(SHLIB_CXX14LD)' SHLIB="file3153837d16a5.dll" WIN=64 TCLBIN=64 OBJECTS="file3153837d16a5.o"
    
    make would use
    make[1]: Entering directory '/d/temp/RtmpMhaWmf'
    if test "zfile3153837d16a5.o" != "z"; then \
     if test -e "file3153837d16a5-win.def"; then \
     echo d:/Compiler/rtools40/mingw64/bin/g++ -shared -s -static-libgcc -o file3153837d16a5.dll file3153837d16a5-win.def file3153837d16a5.o -L"d:/Compiler/gcc-4.9.3/local330/lib/x64" -L"d:/Compiler/gcc-4.9.3/local330/lib" -L"D:/RCompile/recent/R/bin/x64" -lR ; \
     d:/Compiler/rtools40/mingw64/bin/g++ -shared -s -static-libgcc -o file3153837d16a5.dll file3153837d16a5-win.def file3153837d16a5.o -L"d:/Compiler/gcc-4.9.3/local330/lib/x64" -L"d:/Compiler/gcc-4.9.3/local330/lib" -L"D:/RCompile/recent/R/bin/x64" -lR ; \
     else \
     echo EXPORTS > tmp.def; \
     d:/Compiler/rtools40/mingw64/bin/nm file3153837d16a5.o | sed -n 's/^.* [BCDRT] / /p' | sed -e '/[.]refptr[.]/d' -e '/[.]weak[.]/d' | sed 's/[^ ][^ ]*/"&"/g' >> tmp.def; \
     echo d:/Compiler/rtools40/mingw64/bin/g++ -shared -s -static-libgcc -o file3153837d16a5.dll tmp.def file3153837d16a5.o -L"d:/Compiler/gcc-4.9.3/local330/lib/x64" -L"d:/Compiler/gcc-4.9.3/local330/lib" -L"D:/RCompile/recent/R/bin/x64" -lR ; \
     d:/Compiler/rtools40/mingw64/bin/g++ -shared -s -static-libgcc -o file3153837d16a5.dll tmp.def file3153837d16a5.o -L"d:/Compiler/gcc-4.9.3/local330/lib/x64" -L"d:/Compiler/gcc-4.9.3/local330/lib" -L"D:/RCompile/recent/R/bin/x64" -lR ; \
     rm -f tmp.def; \
     fi \
    fi
    make[1]: Leaving directory '/d/temp/RtmpMhaWmf'
    Quitting from lines 205-211 (getting_started.Rmd)
    Quitting from lines 205-211 (getting_started.Rmd)
    Error: processing vignette 'getting_started.Rmd' failed with diagnostics:
    invalid connection
    --- failed re-building 'getting_started.Rmd'
    
    SUMMARY: processing the following file failed:
     'getting_started.Rmd'
    
    Error: Vignette re-building failed.
    Execution halted
Flavor: r-devel-windows-ix86+x86_64

Version: 0.2.1
Check: package dependencies
Result: NOTE
    Package suggested but not available for checking: ‘rstanarm’
Flavor: r-patched-linux-x86_64

Version: 0.2.1
Check: re-building of vignette outputs
Result: WARN
    Error(s) in re-building vignettes:
     ...
    --- re-building ‘getting_started.Rmd’ using rmarkdown
    Loading required package: rjags
    Loading required package: coda
    Linked to JAGS 4.3.0
    Loaded modules: basemod,bugs
    
    Attaching package: 'R2jags'
    
    The following object is masked from 'package:coda':
    
     traceplot
    
    module glm loaded
    Loading required package: MASS
    ##
    ## Markov Chain Monte Carlo Package (MCMCpack)
    ## Copyright (C) 2003-2020 Andrew D. Martin, Kevin M. Quinn, and Jong Hee Park
    ##
    ## Support provided by the U.S. National Science Foundation
    ## (Grants SES-0350646 and SES-0350613)
    ##
    Loading required package: StanHeaders
    Loading required package: ggplot2
    rstan (Version 2.21.2, GitRev: 2e1f913d3ca3)
    For execution on a local, multicore CPU with excess RAM we recommend calling
    options(mc.cores = parallel::detectCores()).
    To avoid recompilation of unchanged Stan programs, we recommend calling
    rstan_options(auto_write = TRUE)
    
    Attaching package: 'rstan'
    
    The following object is masked from 'package:R2jags':
    
     traceplot
    
    The following object is masked from 'package:coda':
    
     traceplot
    
    Quitting from lines 218-226 (getting_started.Rmd)
    Error: processing vignette 'getting_started.Rmd' failed with diagnostics:
    there is no package called 'rstanarm'
    --- failed re-building ‘getting_started.Rmd’
    
    SUMMARY: processing the following file failed:
     ‘getting_started.Rmd’
    
    Error: Vignette re-building failed.
    Execution halted
Flavor: r-patched-linux-x86_64

Version: 0.2.1
Check: re-building of vignette outputs
Result: WARN
    Error(s) in re-building vignettes:
    --- re-building 'getting_started.Rmd' using rmarkdown
    Loading required package: rjags
    Loading required package: coda
    Linked to JAGS 4.3.0
    Loaded modules: basemod,bugs
    
    Attaching package: 'R2jags'
    
    The following object is masked from 'package:coda':
    
     traceplot
    
    module glm loaded
    Loading required package: MASS
    ##
    ## Markov Chain Monte Carlo Package (MCMCpack)
    ## Copyright (C) 2003-2020 Andrew D. Martin, Kevin M. Quinn, and Jong Hee Park
    ##
    ## Support provided by the U.S. National Science Foundation
    ## (Grants SES-0350646 and SES-0350613)
    ##
    Loading required package: StanHeaders
    Loading required package: ggplot2
    rstan (Version 2.21.2, GitRev: 2e1f913d3ca3)
    For execution on a local, multicore CPU with excess RAM we recommend calling
    options(mc.cores = parallel::detectCores()).
    To avoid recompilation of unchanged Stan programs, we recommend calling
    rstan_options(auto_write = TRUE)
    Do not specify '-march=native' in 'LOCAL_CPPFLAGS' or a Makevars file
    
    Attaching package: 'rstan'
    
    The following object is masked from 'package:R2jags':
    
     traceplot
    
    The following object is masked from 'package:coda':
    
     traceplot
    
    make cmd is
     make -f "D:/RCompile/recent/R-40~1.3/etc/x64/Makeconf" -f "D:/RCompile/recent/R-40~1.3/etc/x64/Makevars.site" -f "D:/RCompile/recent/R-40~1.3/share/make/winshlib.mk" CXX='$(CXX14) $(CXX14STD)' CXXFLAGS='$(CXX14FLAGS)' CXXPICFLAGS='$(CXX14PICFLAGS)' SHLIB_LDFLAGS='$(SHLIB_CXX14LDFLAGS)' SHLIB_LD='$(SHLIB_CXX14LD)' SHLIB="file8b00695a7c54.dll" WIN=64 TCLBIN=64 OBJECTS="file8b00695a7c54.o"
    
    make would use
    make[1]: Entering directory '/d/temp/RtmpeUK5VZ'
    if test "zfile8b00695a7c54.o" != "z"; then \
     if test -e "file8b00695a7c54-win.def"; then \
     echo d:/Compiler/rtools40/mingw64/bin/g++ -shared -s -static-libgcc -o file8b00695a7c54.dll file8b00695a7c54-win.def file8b00695a7c54.o -L"d:/Compiler/gcc-4.9.3/local330/lib/x64" -L"d:/Compiler/gcc-4.9.3/local330/lib" -L"D:/RCompile/recent/R-40~1.3/bin/x64" -lR ; \
     d:/Compiler/rtools40/mingw64/bin/g++ -shared -s -static-libgcc -o file8b00695a7c54.dll file8b00695a7c54-win.def file8b00695a7c54.o -L"d:/Compiler/gcc-4.9.3/local330/lib/x64" -L"d:/Compiler/gcc-4.9.3/local330/lib" -L"D:/RCompile/recent/R-40~1.3/bin/x64" -lR ; \
     else \
     echo EXPORTS > tmp.def; \
     d:/Compiler/rtools40/mingw64/bin/nm file8b00695a7c54.o | sed -n 's/^.* [BCDRT] / /p' | sed -e '/[.]refptr[.]/d' -e '/[.]weak[.]/d' | sed 's/[^ ][^ ]*/"&"/g' >> tmp.def; \
     echo d:/Compiler/rtools40/mingw64/bin/g++ -shared -s -static-libgcc -o file8b00695a7c54.dll tmp.def file8b00695a7c54.o -L"d:/Compiler/gcc-4.9.3/local330/lib/x64" -L"d:/Compiler/gcc-4.9.3/local330/lib" -L"D:/RCompile/recent/R-40~1.3/bin/x64" -lR ; \
     d:/Compiler/rtools40/mingw64/bin/g++ -shared -s -static-libgcc -o file8b00695a7c54.dll tmp.def file8b00695a7c54.o -L"d:/Compiler/gcc-4.9.3/local330/lib/x64" -L"d:/Compiler/gcc-4.9.3/local330/lib" -L"D:/RCompile/recent/R-40~1.3/bin/x64" -lR ; \
     rm -f tmp.def; \
     fi \
    fi
    make[1]: Leaving directory '/d/temp/RtmpeUK5VZ'
    Quitting from lines 205-211 (getting_started.Rmd)
    Quitting from lines 205-211 (getting_started.Rmd)
    Error: processing vignette 'getting_started.Rmd' failed with diagnostics:
    invalid connection
    --- failed re-building 'getting_started.Rmd'
    
    SUMMARY: processing the following file failed:
     'getting_started.Rmd'
    
    Error: Vignette re-building failed.
    Execution halted
Flavor: r-release-windows-ix86+x86_64

Version: 0.2.1
Check: re-building of vignette outputs
Result: WARN
    Error(s) in re-building vignettes:
    --- re-building 'getting_started.Rmd' using rmarkdown
    Loading required package: rjags
    Loading required package: coda
    Linked to JAGS 4.3.0
    Loaded modules: basemod,bugs
    
    Attaching package: 'R2jags'
    
    The following object is masked from 'package:coda':
    
     traceplot
    
    module glm loaded
    Loading required package: MASS
    ##
    ## Markov Chain Monte Carlo Package (MCMCpack)
    ## Copyright (C) 2003-2020 Andrew D. Martin, Kevin M. Quinn, and Jong Hee Park
    ##
    ## Support provided by the U.S. National Science Foundation
    ## (Grants SES-0350646 and SES-0350613)
    ##
    Loading required package: StanHeaders
    Loading required package: ggplot2
    rstan (Version 2.21.2, GitRev: 2e1f913d3ca3)
    For execution on a local, multicore CPU with excess RAM we recommend calling
    options(mc.cores = parallel::detectCores()).
    To avoid recompilation of unchanged Stan programs, we recommend calling
    rstan_options(auto_write = TRUE)
    Do not specify '-march=native' in 'LOCAL_CPPFLAGS' or a Makevars file
    
    Attaching package: 'rstan'
    
    The following object is masked from 'package:R2jags':
    
     traceplot
    
    The following object is masked from 'package:coda':
    
     traceplot
    
    make cmd is
     make -f "D:/RCompile/recent/R-36~1.3/etc/x64/Makeconf" -f "D:/RCompile/recent/R-36~1.3/etc/x64/Makevars.site" -f "D:/RCompile/recent/R-36~1.3/share/make/winshlib.mk" CXX='$(CXX11) $(CXX11STD)' CXXFLAGS='$(CXX11FLAGS)' CXXPICFLAGS='$(CXX11PICFLAGS)' SHLIB_LDFLAGS='$(SHLIB_CXX11LDFLAGS)' SHLIB_LD='$(SHLIB_CXX11LD)' SHLIB="file266b03d3913cf.dll" WIN=64 TCLBIN=64 OBJECTS="file266b03d3913cf.o"
    
    make would use
    make[1]: Entering directory `/cygdrive/d/temp/RtmpEvfBkj'
    if test "zfile266b03d3913cf.o" != "z"; then \
     if test -e "file266b03d3913cf-win.def"; then \
     echo d:/Compiler/gcc-4.9.3/mingw_64/bin/g++ -m64 -shared -s -static-libgcc -o file266b03d3913cf.dll file266b03d3913cf-win.def file266b03d3913cf.o -L"d:/Compiler/gcc-4.9.3/local330/lib/x64" -L"d:/Compiler/gcc-4.9.3/local330/lib" -L"D:/RCompile/recent/R-36~1.3/bin/x64" -lR ; \
     d:/Compiler/gcc-4.9.3/mingw_64/bin/g++ -m64 -shared -s -static-libgcc -o file266b03d3913cf.dll file266b03d3913cf-win.def file266b03d3913cf.o -L"d:/Compiler/gcc-4.9.3/local330/lib/x64" -L"d:/Compiler/gcc-4.9.3/local330/lib" -L"D:/RCompile/recent/R-36~1.3/bin/x64" -lR ; \
     else \
     echo EXPORTS > tmp.def; \
     d:/Compiler/gcc-4.9.3/mingw_64/bin/nm file266b03d3913cf.o | sed -n 's/^.* [BCDRT] / /p' | sed -e '/[.]refptr[.]/d' -e '/[.]weak[.]/d' | sed 's/[^ ][^ ]*/"&"/g' >> tmp.def; \
     echo d:/Compiler/gcc-4.9.3/mingw_64/bin/g++ -m64 -shared -s -static-libgcc -o file266b03d3913cf.dll tmp.def file266b03d3913cf.o -L"d:/Compiler/gcc-4.9.3/local330/lib/x64" -L"d:/Compiler/gcc-4.9.3/local330/lib" -L"D:/RCompile/recent/R-36~1.3/bin/x64" -lR ; \
     d:/Compiler/gcc-4.9.3/mingw_64/bin/g++ -m64 -shared -s -static-libgcc -o file266b03d3913cf.dll tmp.def file266b03d3913cf.o -L"d:/Compiler/gcc-4.9.3/local330/lib/x64" -L"d:/Compiler/gcc-4.9.3/local330/lib" -L"D:/RCompile/recent/R-36~1.3/bin/x64" -lR ; \
     rm -f tmp.def; \
     fi \
    fi
    make[1]: Leaving directory `/cygdrive/d/temp/RtmpEvfBkj'
    Quitting from lines 205-211 (getting_started.Rmd)
    Quitting from lines 205-211 (getting_started.Rmd)
    Error: processing vignette 'getting_started.Rmd' failed with diagnostics:
    invalid connection
    --- failed re-building 'getting_started.Rmd'
    
    SUMMARY: processing the following file failed:
     'getting_started.Rmd'
    
    Error: Vignette re-building failed.
    Execution halted
Flavor: r-oldrel-windows-ix86+x86_64