CRAN Package Check Results for Package AzureStor

Last updated on 2021-06-12 04:50:44 CEST.

Flavor Version Tinstall Tcheck Ttotal Status Flags
r-devel-linux-x86_64-debian-clang 3.5.0 7.32 43.72 51.04 OK
r-devel-linux-x86_64-debian-gcc 3.5.0 5.62 33.82 39.44 OK
r-devel-linux-x86_64-fedora-clang 3.5.0 69.38 NOTE
r-devel-linux-x86_64-fedora-gcc 3.5.0 60.23 NOTE
r-devel-windows-x86_64 3.5.0 11.00 62.00 73.00 OK
r-devel-windows-x86_64-gcc10-UCRT 3.5.0 NOTE
r-patched-linux-x86_64 3.5.0 11.80 43.69 55.49 OK
r-patched-solaris-x86 3.5.0 81.50 NOTE
r-release-linux-x86_64 3.5.0 6.61 42.62 49.23 OK
r-release-macos-arm64 3.5.0 NOTE
r-release-macos-x86_64 3.5.0 NOTE
r-release-windows-ix86+x86_64 3.5.0 10.00 60.00 70.00 OK
r-oldrel-macos-x86_64 3.5.0 NOTE
r-oldrel-windows-ix86+x86_64 3.5.0 27.00 63.00 90.00 OK

Check Details

Version: 3.5.0
Check: dependencies in R code
Result: NOTE
    Namespace in Imports field not imported from: ‘R6’
     All declared Imports should be used.
Flavors: r-devel-linux-x86_64-fedora-clang, r-devel-linux-x86_64-fedora-gcc, r-devel-windows-x86_64-gcc10-UCRT, r-patched-solaris-x86, r-release-macos-arm64, r-release-macos-x86_64, r-oldrel-macos-x86_64